{"id":1447,"date":"2024-12-11T08:25:47","date_gmt":"2024-12-11T07:25:47","guid":{"rendered":"https:\/\/www.etafast.org\/visa-ra-van-szuksege\/"},"modified":"2024-12-11T09:14:44","modified_gmt":"2024-12-11T08:14:44","slug":"visa-ra-van-szuksege","status":"publish","type":"page","link":"https:\/\/www.etafast.org\/hu\/visa-ra-van-szuksege\/","title":{"rendered":"VISA-ra van sz\u00fcks\u00e9ge?"},"content":{"rendered":"\n<h3 class=\"wp-block-heading\">Hogyan tudhatja meg, hogy sz\u00fcks\u00e9ge van-e v\u00edzumra a kanadai utaz\u00e1shoz?<\/h3>\n\n<p>Kanada megk\u00f6veteli, hogy az utaz\u00f3k az orsz\u00e1gba val\u00f3 bel\u00e9p\u00e9shez vagy az orsz\u00e1gon val\u00f3 \u00e1tutaz\u00e1shoz &#8211; \u00e1llampolg\u00e1rs\u00e1gt\u00f3l \u00e9s az utaz\u00e1s m\u00f3dj\u00e1t\u00f3l f\u00fcgg\u0151en &#8211; <strong>l\u00e1togat\u00f3i v\u00edzummal<\/strong> vagy <strong>elektronikus utaz\u00e1si enged\u00e9llyel (eTA<\/strong> ) rendelkezzenek. Az al\u00e1bbiakban megtudhatja, hogy mire van sz\u00fcks\u00e9ge: <\/p>\n\n<hr class=\"wp-block-separator has-alpha-channel-opacity\"\/>\n\n<h3 class=\"wp-block-heading\"><strong>1. l\u00e9p\u00e9s: Ellen\u0151rizze \u00e1llampolg\u00e1rs\u00e1g\u00e1t<\/strong><\/h3>\n\n<p>Az, hogy milyen t\u00edpus\u00fa \u00fati okm\u00e1nyra van sz\u00fcks\u00e9ge, els\u0151sorban az \u00e1llampolg\u00e1rs\u00e1g\u00e1t\u00f3l f\u00fcgg. Az utaz\u00f3k h\u00e1rom kateg\u00f3ri\u00e1ba sorolhat\u00f3k: <\/p>\n\n<ol class=\"wp-block-list\">\n<li><strong>V\u00edzummentesen utaz\u00f3k (eTA-ra van sz\u00fcks\u00e9g\u00fck)<\/strong><br\/>Ha \u00d6n v\u00edzummentes orsz\u00e1g \u00e1llampolg\u00e1ra, akkor eTA-ra van sz\u00fcks\u00e9ge, ha Kanad\u00e1ba utazik vagy Kanad\u00e1n kereszt\u00fcl utazik l\u00e9gi \u00faton. A v\u00edzummentes orsz\u00e1gok k\u00f6z\u00e9 tartoznak p\u00e9ld\u00e1ul a k\u00f6vetkez\u0151k: <ul><li>Ausztr\u00e1lia<\/li><li>N\u00e9metorsz\u00e1g<\/li><li>Jap\u00e1n<\/li><li>Egyes\u00fclt Kir\u00e1lys\u00e1g<\/li><li>Franciaorsz\u00e1g<br\/><em>(A lista nem teljes.)<\/em><\/li><\/ul><strong>Fontos<\/strong>: Ha \u00d6n aut\u00f3val, busszal, vonattal vagy haj\u00f3val &#8211; bele\u00e9rtve a k\u00f6rutaz\u00e1st is &#8211; \u00e9rkezik Kanad\u00e1ba, NEM kell eTA vagy l\u00e1togat\u00f3i v\u00edzum.<\/li>\n\n\n\n<li><strong>V\u00edzumk\u00f6teles utaz\u00f3k (l\u00e1togat\u00f3i v\u00edzumra van sz\u00fcks\u00e9g\u00fck)<\/strong><br>A v\u00edzummentess\u00e9gi list\u00e1n nem szerepl\u0151 orsz\u00e1gok \u00e1llampolg\u00e1rainak Kanad\u00e1ba t\u00f6rt\u00e9n\u0151 beutaz\u00e1s\u00e1hoz &#8211; az utaz\u00e1s m\u00f3dj\u00e1t\u00f3l f\u00fcggetlen\u00fcl &#8211; l\u00e1togat\u00f3i v\u00edzumra (m\u00e1s n\u00e9ven ideiglenes tart\u00f3zkod\u00e1si v\u00edzumra) van sz\u00fcks\u00e9g\u00fck.<br>A v\u00edzumk\u00f6teles orsz\u00e1gok k\u00f6z\u00e9 tartoznak p\u00e9ld\u00e1ul:\n<ul class=\"wp-block-list\">\n<li>India<\/li>\n\n\n\n<li>K\u00edna<\/li>\n\n\n\n<li>Pakiszt\u00e1n<br\/><em>(A lista nem teljes.)<\/em><\/li>\n<\/ul>\n<\/li>\n\n\n\n<li><strong>V\u00edzumk\u00f6teles utaz\u00f3k (jogosultak lehetnek eTA-ra)<\/strong><br>Ha \u00d6n v\u00edzumk\u00f6teles orsz\u00e1gb\u00f3l sz\u00e1rmazik, de megfelel bizonyos felt\u00e9teleknek, akkor v\u00edzum helyett eTA-t ig\u00e9nyelhet. Ezek a felt\u00e9telek a k\u00f6vetkez\u0151k: <ul><li>\u00e9rv\u00e9nyes amerikai nem bev\u00e1ndorl\u00f3 v\u00edzummal rendelkezik, VAGY<\/li><li>Az elm\u00falt 10 \u00e9vben kanadai l\u00e1togat\u00f3i v\u00edzummal rendelkezett.<\/li><\/ul>Az al\u00e1bbi orsz\u00e1gok jogosultak erre a lehet\u0151s\u00e9gre:\n<ul class=\"wp-block-list\">\n<li>Braz\u00edlia<\/li>\n\n\n\n<li>Mexik\u00f3<\/li>\n\n\n\n<li>F\u00fcl\u00f6p-szigetek<br\/><em>(A lista nem teljes.)<\/em><\/li>\n<\/ul>\n<\/li>\n<\/ol>\n\n<hr class=\"wp-block-separator has-alpha-channel-opacity\"\/>\n\n<h3 class=\"wp-block-heading\"><strong>2. l\u00e9p\u00e9s: Fontolja meg az utaz\u00e1s m\u00f3dj\u00e1t<\/strong><\/h3>\n\n<p>Az, hogy milyen \u00fati okm\u00e1nyra van sz\u00fcks\u00e9ge, att\u00f3l is f\u00fcgg, hogy milyen m\u00f3don l\u00e9p be Kanad\u00e1ba:<\/p>\n\n<figure class=\"wp-block-table\"><table class=\"has-fixed-layout\"><thead><tr><th><strong>Utaz\u00e1si m\u00f3d<\/strong><\/th><th><strong>K\u00f6vetelm\u00e9ny<\/strong><\/th><\/tr><\/thead><tbody><tr><td>Kanadai rep\u00fcl\u0151t\u00e9rre t\u00f6rt\u00e9n\u0151 rep\u00fcl\u00e9s vagy \u00e1tutaz\u00e1s<\/td><td>eTA (v\u00edzummentes utaz\u00f3k sz\u00e1m\u00e1ra) vagy l\u00e1togat\u00f3i v\u00edzum<\/td><\/tr><tr><td>Aut\u00f3val, busszal, vonattal vagy haj\u00f3val (bele\u00e9rtve a haj\u00f3utat is) t\u00f6rt\u00e9n\u0151 bel\u00e9p\u00e9s.<\/td><td>L\u00e1togat\u00f3i v\u00edzum (v\u00edzumk\u00f6teles utaz\u00f3k sz\u00e1m\u00e1ra)<\/td><\/tr><tr><td>\u00c9rv\u00e9nyes kanadai v\u00edzummal utazik<\/td><td>Nincs sz\u00fcks\u00e9g eTA-ra; haszn\u00e1lja a v\u00edzum\u00e1t<\/td><\/tr><\/tbody><\/table><\/figure>\n\n<hr class=\"wp-block-separator has-alpha-channel-opacity\"\/>\n\n<h3 class=\"wp-block-heading\"><strong>3. l\u00e9p\u00e9s: Kiv\u00e9telek a szab\u00e1ly al\u00f3l<\/strong><\/h3>\n\n<ol class=\"wp-block-list\">\n<li><strong>Amerikai \u00e1llampolg\u00e1rok<\/strong><br\/>Az amerikai \u00e1llampolg\u00e1roknak NEM kell eTA vagy l\u00e1togat\u00f3i v\u00edzum. Csak \u00e9rv\u00e9nyes amerikai \u00fatlev\u00e9lre van sz\u00fcks\u00e9g\u00fck. <\/li>\n\n\n\n<li><strong>Kanadai \u00e1llampolg\u00e1rok (bele\u00e9rtve a kett\u0151s \u00e1llampolg\u00e1rokat is)<\/strong><br\/>Kanadai \u00e1llampolg\u00e1rok nem ig\u00e9nyelhetnek eTA-t vagy v\u00edzumot. \u00c9rv\u00e9nyes kanadai \u00fatlev\u00e9llel kell utazniuk. <\/li>\n\n\n\n<li><strong>Kanadai \u00e1lland\u00f3 lakosok<\/strong><br>A kanadai \u00e1lland\u00f3 lakosok nem ig\u00e9nyelhetnek eTA-t. Nekik a k\u00f6vetkez\u0151kkel kell utazniuk: \n<ul class=\"wp-block-list\">\n<li>\u00c9rv\u00e9nyes \u00e1lland\u00f3 lakc\u00edmk\u00e1rtya, VAGY<\/li>\n\n\n\n<li>\u00c1lland\u00f3 lakhellyel rendelkez\u0151 \u00fati okm\u00e1ny.<\/li>\n<\/ul>\n<\/li>\n\n\n\n<li><strong>\u00c1lland\u00f3 amerikai lakosok<\/strong><br>2022. \u00e1prilis 26-t\u00f3l az Egyes\u00fclt \u00c1llamokban jogszer\u0171en tart\u00f3zkod\u00f3 \u00e1lland\u00f3 lakosoknak nincs sz\u00fcks\u00e9g\u00fck eTA-ra. Nekik magukkal kell vinni\u00fck: \n<ul class=\"wp-block-list\">\n<li>az \u00e1llampolg\u00e1rs\u00e1guk szerinti \u00e9rv\u00e9nyes \u00fatlev\u00e9l, \u00c9S<\/li>\n\n\n\n<li>\u00c9rv\u00e9nyes z\u00f6ld k\u00e1rtya vagy azzal egyen\u00e9rt\u00e9k\u0171 st\u00e1tuszigazol\u00e1s.<\/li>\n<\/ul>\n<\/li>\n<\/ol>\n\n<hr class=\"wp-block-separator has-alpha-channel-opacity\"\/>\n\n<h3 class=\"wp-block-heading\"><strong>4. l\u00e9p\u00e9s: Haszn\u00e1lja a kanadai korm\u00e1ny eszk\u00f6z\u00e9t<\/strong><\/h3>\n\n<p>Ha meg szeretn\u00e9 er\u0151s\u00edteni, hogy v\u00edzumra vagy eTA-ra van-e sz\u00fcks\u00e9ge, haszn\u00e1lhatja a kanadai korm\u00e1ny hivatalos <a>\u00fati okm\u00e1ny eszk\u00f6z\u00e9t<\/a>. Egyszer\u0171en adja meg \u00e1llampolg\u00e1rs\u00e1g\u00e1t, utaz\u00e1si m\u00f3dj\u00e1t \u00e9s a l\u00e1togat\u00e1s c\u00e9lj\u00e1t, hogy szem\u00e9lyre szabott eredm\u00e9nyeket kapjon. <\/p>\n\n<hr class=\"wp-block-separator has-alpha-channel-opacity\"\/>\n\n<h3 class=\"wp-block-heading\"><strong>V\u00e9gs\u0151 megjegyz\u00e9sek<\/strong><\/h3>\n\n<ul class=\"wp-block-list\">\n<li>Gy\u0151z\u0151dj\u00f6n meg r\u00f3la, hogy a megfelel\u0151 dokumentumot j\u00f3val az utaz\u00e1s id\u0151pontja el\u0151tt ig\u00e9nyli.<\/li>\n\n\n\n<li>A v\u00edzum vagy eTA nem garant\u00e1lja a Kanad\u00e1ba val\u00f3 beutaz\u00e1st. Meg kell gy\u0151z\u0151dnie arr\u00f3l, hogy a hat\u00e1r\u0151r\u00f6knek megfelel a beutaz\u00e1si k\u00f6vetelm\u00e9nyeknek. <\/li>\n<\/ul>\n\n<p><\/p>\n","protected":false},"excerpt":{"rendered":"<p>Hogyan tudhatja meg, hogy sz\u00fcks\u00e9ge van-e v\u00edzumra a kanadai utaz\u00e1shoz? Kanada megk\u00f6veteli, hogy az utaz\u00f3k az orsz\u00e1gba val\u00f3 bel\u00e9p\u00e9shez vagy [&hellip;]<\/p>\n","protected":false},"author":1,"featured_media":0,"parent":0,"menu_order":0,"comment_status":"closed","ping_status":"closed","template":"","meta":{"_uag_custom_page_level_css":"","site-sidebar-layout":"default","site-content-layout":"","ast-site-content-layout":"","site-content-style":"default","site-sidebar-style":"default","ast-global-header-display":"","ast-banner-title-visibility":"","ast-main-header-display":"","ast-hfb-above-header-display":"","ast-hfb-below-header-display":"","ast-hfb-mobile-header-display":"","site-post-title":"","ast-breadcrumbs-content":"","ast-featured-img":"","footer-sml-layout":"","theme-transparent-header-meta":"","adv-header-id-meta":"","stick-header-meta":"","header-above-stick-meta":"","header-main-stick-meta":"","header-below-stick-meta":"","astra-migrate-meta-layouts":"default","ast-page-background-enabled":"default","ast-page-background-meta":{"desktop":{"background-color":"var(--ast-global-color-4)","background-image":"","background-repeat":"repeat","background-position":"center center","background-size":"auto","background-attachment":"scroll","background-type":"","background-media":"","overlay-type":"","overlay-color":"","overlay-opacity":"","overlay-gradient":""},"tablet":{"background-color":"","background-image":"","background-repeat":"repeat","background-position":"center center","background-size":"auto","background-attachment":"scroll","background-type":"","background-media":"","overlay-type":"","overlay-color":"","overlay-opacity":"","overlay-gradient":""},"mobile":{"background-color":"","background-image":"","background-repeat":"repeat","background-position":"center center","background-size":"auto","background-attachment":"scroll","background-type":"","background-media":"","overlay-type":"","overlay-color":"","overlay-opacity":"","overlay-gradient":""}},"ast-content-background-meta":{"desktop":{"background-color":"var(--ast-global-color-5)","background-image":"","background-repeat":"repeat","background-position":"center center","background-size":"auto","background-attachment":"scroll","background-type":"","background-media":"","overlay-type":"","overlay-color":"","overlay-opacity":"","overlay-gradient":""},"tablet":{"background-color":"var(--ast-global-color-5)","background-image":"","background-repeat":"repeat","background-position":"center center","background-size":"auto","background-attachment":"scroll","background-type":"","background-media":"","overlay-type":"","overlay-color":"","overlay-opacity":"","overlay-gradient":""},"mobile":{"background-color":"var(--ast-global-color-5)","background-image":"","background-repeat":"repeat","background-position":"center center","background-size":"auto","background-attachment":"scroll","background-type":"","background-media":"","overlay-type":"","overlay-color":"","overlay-opacity":"","overlay-gradient":""}},"footnotes":""},"categories":[],"tags":[],"class_list":["post-1447","page","type-page","status-publish","hentry"],"uagb_featured_image_src":{"full":false,"thumbnail":false,"medium":false,"medium_large":false,"large":false,"1536x1536":false,"2048x2048":false},"uagb_author_info":{"display_name":"admin","author_link":"https:\/\/www.etafast.org\/hu\/author\/admin\/"},"uagb_comment_info":0,"uagb_excerpt":"Hogyan tudhatja meg, hogy sz\u00fcks\u00e9ge van-e v\u00edzumra a kanadai utaz\u00e1shoz? Kanada megk\u00f6veteli, hogy az utaz\u00f3k az orsz\u00e1gba val\u00f3 bel\u00e9p\u00e9shez vagy [&hellip;]","_links":{"self":[{"href":"https:\/\/www.etafast.org\/hu\/wp-json\/wp\/v2\/pages\/1447","targetHints":{"allow":["GET"]}}],"collection":[{"href":"https:\/\/www.etafast.org\/hu\/wp-json\/wp\/v2\/pages"}],"about":[{"href":"https:\/\/www.etafast.org\/hu\/wp-json\/wp\/v2\/types\/page"}],"author":[{"embeddable":true,"href":"https:\/\/www.etafast.org\/hu\/wp-json\/wp\/v2\/users\/1"}],"replies":[{"embeddable":true,"href":"https:\/\/www.etafast.org\/hu\/wp-json\/wp\/v2\/comments?post=1447"}],"version-history":[{"count":1,"href":"https:\/\/www.etafast.org\/hu\/wp-json\/wp\/v2\/pages\/1447\/revisions"}],"predecessor-version":[{"id":1448,"href":"https:\/\/www.etafast.org\/hu\/wp-json\/wp\/v2\/pages\/1447\/revisions\/1448"}],"wp:attachment":[{"href":"https:\/\/www.etafast.org\/hu\/wp-json\/wp\/v2\/media?parent=1447"}],"wp:term":[{"taxonomy":"category","embeddable":true,"href":"https:\/\/www.etafast.org\/hu\/wp-json\/wp\/v2\/categories?post=1447"},{"taxonomy":"post_tag","embeddable":true,"href":"https:\/\/www.etafast.org\/hu\/wp-json\/wp\/v2\/tags?post=1447"}],"curies":[{"name":"wp","href":"https:\/\/api.w.org\/{rel}","templated":true}]}}

VISA-ra van szüksége?

<h3 class="wp-block-heading">Hogyan tudhatja meg, hogy szüksége van-e vízumra a kanadai utazáshoz?</h3>

<p>Kanada megköveteli, hogy az utazók az országba való belépéshez vagy az országon való átutazáshoz &#8211; állampolgárságtól és az utazás módjától függően &#8211; <strong>látogatói vízummal</strong> vagy <strong>elektronikus utazási engedéllyel (eTA</strong> ) rendelkezzenek. Az alábbiakban megtudhatja, hogy mire van szüksége: </p>

<hr class="wp-block-separator has-alpha-channel-opacity"/>

<h3 class="wp-block-heading"><strong>1. lépés: Ellenőrizze állampolgárságát</strong></h3>

<p>Az, hogy milyen típusú úti okmányra van szüksége, elsősorban az állampolgárságától függ. Az utazók három kategóriába sorolhatók: </p>

<ol class="wp-block-list">
<li><strong>Vízummentesen utazók (eTA-ra van szükségük)</strong><br/>Ha Ön vízummentes ország állampolgára, akkor eTA-ra van szüksége, ha Kanadába utazik vagy Kanadán keresztül utazik légi úton. A vízummentes országok közé tartoznak például a következők: <ul><li>Ausztrália</li><li>Németország</li><li>Japán</li><li>Egyesült Királyság</li><li>Franciaország<br/><em>(A lista nem teljes.)</em></li></ul><strong>Fontos</strong>: Ha Ön autóval, busszal, vonattal vagy hajóval &#8211; beleértve a körutazást is &#8211; érkezik Kanadába, NEM kell eTA vagy látogatói vízum.</li>



<li><strong>Vízumköteles utazók (látogatói vízumra van szükségük)</strong><br>A vízummentességi listán nem szereplő országok állampolgárainak Kanadába történő beutazásához &#8211; az utazás módjától függetlenül &#8211; látogatói vízumra (más néven ideiglenes tartózkodási vízumra) van szükségük.<br>A vízumköteles országok közé tartoznak például:
<ul class="wp-block-list">
<li>India</li>



<li>Kína</li>



<li>Pakisztán<br/><em>(A lista nem teljes.)</em></li>
</ul>
</li>



<li><strong>Vízumköteles utazók (jogosultak lehetnek eTA-ra)</strong><br>Ha Ön vízumköteles országból származik, de megfelel bizonyos feltételeknek, akkor vízum helyett eTA-t igényelhet. Ezek a feltételek a következők: <ul><li>érvényes amerikai nem bevándorló vízummal rendelkezik, VAGY</li><li>Az elmúlt 10 évben kanadai látogatói vízummal rendelkezett.</li></ul>Az alábbi országok jogosultak erre a lehetőségre:
<ul class="wp-block-list">
<li>Brazília</li>



<li>Mexikó</li>



<li>Fülöp-szigetek<br/><em>(A lista nem teljes.)</em></li>
</ul>
</li>
</ol>

<hr class="wp-block-separator has-alpha-channel-opacity"/>

<h3 class="wp-block-heading"><strong>2. lépés: Fontolja meg az utazás módját</strong></h3>

<p>Az, hogy milyen úti okmányra van szüksége, attól is függ, hogy milyen módon lép be Kanadába:</p>

<figure class="wp-block-table"><table class="has-fixed-layout"><thead><tr><th><strong>Utazási mód</strong></th><th><strong>Követelmény</strong></th></tr></thead><tbody><tr><td>Kanadai repülőtérre történő repülés vagy átutazás</td><td>eTA (vízummentes utazók számára) vagy látogatói vízum</td></tr><tr><td>Autóval, busszal, vonattal vagy hajóval (beleértve a hajóutat is) történő belépés.</td><td>Látogatói vízum (vízumköteles utazók számára)</td></tr><tr><td>Érvényes kanadai vízummal utazik</td><td>Nincs szükség eTA-ra; használja a vízumát</td></tr></tbody></table></figure>

<hr class="wp-block-separator has-alpha-channel-opacity"/>

<h3 class="wp-block-heading"><strong>3. lépés: Kivételek a szabály alól</strong></h3>

<ol class="wp-block-list">
<li><strong>Amerikai állampolgárok</strong><br/>Az amerikai állampolgároknak NEM kell eTA vagy látogatói vízum. Csak érvényes amerikai útlevélre van szükségük. </li>



<li><strong>Kanadai állampolgárok (beleértve a kettős állampolgárokat is)</strong><br/>Kanadai állampolgárok nem igényelhetnek eTA-t vagy vízumot. Érvényes kanadai útlevéllel kell utazniuk. </li>



<li><strong>Kanadai állandó lakosok</strong><br>A kanadai állandó lakosok nem igényelhetnek eTA-t. Nekik a következőkkel kell utazniuk: 
<ul class="wp-block-list">
<li>Érvényes állandó lakcímkártya, VAGY</li>



<li>Állandó lakhellyel rendelkező úti okmány.</li>
</ul>
</li>



<li><strong>Állandó amerikai lakosok</strong><br>2022. április 26-tól az Egyesült Államokban jogszerűen tartózkodó állandó lakosoknak nincs szükségük eTA-ra. Nekik magukkal kell vinniük: 
<ul class="wp-block-list">
<li>az állampolgárságuk szerinti érvényes útlevél, ÉS</li>



<li>Érvényes zöld kártya vagy azzal egyenértékű státuszigazolás.</li>
</ul>
</li>
</ol>

<hr class="wp-block-separator has-alpha-channel-opacity"/>

<h3 class="wp-block-heading"><strong>4. lépés: Használja a kanadai kormány eszközét</strong></h3>

<p>Ha meg szeretné erősíteni, hogy vízumra vagy eTA-ra van-e szüksége, használhatja a kanadai kormány hivatalos <a>úti okmány eszközét</a>. Egyszerűen adja meg állampolgárságát, utazási módját és a látogatás célját, hogy személyre szabott eredményeket kapjon. </p>

<hr class="wp-block-separator has-alpha-channel-opacity"/>

<h3 class="wp-block-heading"><strong>Végső megjegyzések</strong></h3>

<ul class="wp-block-list">
<li>Győződjön meg róla, hogy a megfelelő dokumentumot jóval az utazás időpontja előtt igényli.</li>



<li>A vízum vagy eTA nem garantálja a Kanadába való beutazást. Meg kell győződnie arról, hogy a határőröknek megfelel a beutazási követelményeknek. </li>
</ul>

<p></p>

<p>Hogyan tudhatja meg, hogy szüksége van-e vízumra a kanadai utazáshoz? Kanada megköveteli, hogy az utazók az országba való belépéshez vagy [&hellip;]</p>

Hogyan tudhatja meg, hogy szüksége van-e vízumra a kanadai utazáshoz? Kanada megköveteli, hogy az utazók az országba való belépéshez vagy [&hellip;]
