{"id":1263,"date":"2024-12-11T08:28:06","date_gmt":"2024-12-11T07:28:06","guid":{"rendered":"https:\/\/www.etafast.org\/szuper-vizum-szulok-es-nagyszulok-szamara\/"},"modified":"2024-12-11T09:11:49","modified_gmt":"2024-12-11T08:11:49","slug":"szuper-vizum-szulok-es-nagyszulok-szamara","status":"publish","type":"page","link":"https:\/\/www.etafast.org\/hu\/szuper-vizum-szulok-es-nagyszulok-szamara\/","title":{"rendered":"Szuper v\u00edzum sz\u00fcl\u0151k \u00e9s nagysz\u00fcl\u0151k sz\u00e1m\u00e1ra"},"content":{"rendered":"\n<h3 class=\"wp-block-heading\">Szuper v\u00edzum sz\u00fcl\u0151k \u00e9s nagysz\u00fcl\u0151k sz\u00e1m\u00e1ra<\/h3>\n\n<p>A <strong>szuperv\u00edzum<\/strong> egy speci\u00e1lis v\u00edzum, amelyet kanadai \u00e1llampolg\u00e1rok \u00e9s \u00e1lland\u00f3 lakosok sz\u00fclei \u00e9s nagysz\u00fclei sz\u00e1m\u00e1ra hoztak l\u00e9tre. Lehet\u0151v\u00e9 teszi a hosszabb t\u00e1v\u00fa kanadai l\u00e1togat\u00e1sokat, \u00e9s egyed\u00fcl\u00e1ll\u00f3 lehet\u0151s\u00e9get biztos\u00edt arra, hogy a csal\u00e1ddal t\u00f6ltsenek id\u0151t, mik\u00f6zben \u00e9lvezhetik a t\u00f6bbsz\u00f6ri beutaz\u00e1s el\u0151nyeit hossz\u00fa id\u0151n kereszt\u00fcl. <\/p>\n\n<hr class=\"wp-block-separator has-alpha-channel-opacity\"\/>\n\n<h3 class=\"wp-block-heading\"><strong>Mi az a Super Visa?<\/strong><\/h3>\n\n<p>A <strong>Super Visa<\/strong> a k\u00f6vetkez\u0151:<\/p>\n\n<ul class=\"wp-block-list\">\n<li><strong>Hossz\u00fa t\u00e1v\u00fa v\u00edzum<\/strong>, amely lehet\u0151v\u00e9 teszi a jogosult sz\u00fcl\u0151k \u00e9s nagysz\u00fcl\u0151k sz\u00e1m\u00e1ra, hogy <strong>l\u00e1togat\u00e1sonk\u00e9nt legfeljebb 5 \u00e9vig<\/strong> l\u00e1togathass\u00e1k Kanad\u00e1t an\u00e9lk\u00fcl, hogy st\u00e1tuszukat meg kellene \u00faj\u00edtaniuk.<\/li>\n\n\n\n<li><strong>T\u00f6bbsz\u00f6ri beutaz\u00e1sra jogos\u00edt\u00f3 v\u00edzum<\/strong>, amely <strong>legfeljebb 10 \u00e9vig<\/strong> \u00e9rv\u00e9nyes, \u00e9s amely lehet\u0151v\u00e9 teszi a gyakori kanadai l\u00e1togat\u00e1sokat a v\u00edzum \u00e9rv\u00e9nyess\u00e9gi ideje alatt.<\/li>\n<\/ul>\n\n<p>Ez a v\u00edzum ide\u00e1lis olyan szem\u00e9lyek sz\u00e1m\u00e1ra, akik hosszabb id\u0151re tervezik megl\u00e1togatni gyermekeiket vagy unok\u00e1ikat.<\/p>\n\n<hr class=\"wp-block-separator has-alpha-channel-opacity\"\/>\n\n<h3 class=\"wp-block-heading\"><strong>A szuperv\u00edzum jogosults\u00e1gi felt\u00e9telei<\/strong><\/h3>\n\n<p>A szuperv\u00edzumra val\u00f3 jogosults\u00e1ghoz a k\u00e9relmez\u0151knek meghat\u00e1rozott felt\u00e9teleknek kell megfelelni\u00fck:<\/p>\n\n<ol class=\"wp-block-list\">\n<li><strong>Kapcsolat<\/strong>:\n<ul class=\"wp-block-list\">\n<li>Kanadai \u00e1llampolg\u00e1r vagy \u00e1lland\u00f3 lakos <strong>sz\u00fcl\u0151je vagy nagysz\u00fcl\u0151je<\/strong>.<\/li>\n<\/ul>\n<\/li>\n\n\n\n<li><strong>Megh\u00edv\u00f3lev\u00e9l<\/strong>:\n<ul class=\"wp-block-list\">\n<li>A Kanad\u00e1ban \u00e9l\u0151 gyermeke vagy unok\u00e1ja \u00e1ltal k\u00fcld\u00f6tt megh\u00edv\u00f3lev\u00e9l.<\/li>\n\n\n\n<li>A lev\u00e9lnek tartalmaznia kell:\n<ul class=\"wp-block-list\">\n<li>P\u00e9nz\u00fcgyi t\u00e1mogat\u00e1s \u00edg\u00e9rete a l\u00e1togat\u00e1s id\u0151tartam\u00e1ra.<\/li>\n\n\n\n<li>A kapcsolatuk r\u00e9szletei.<\/li>\n\n\n\n<li>A fogad\u00f3 kanadai h\u00e1ztart\u00e1s tagjainak list\u00e1ja.<\/li>\n<\/ul>\n<\/li>\n<\/ul>\n<\/li>\n\n\n\n<li><strong>J\u00f6vedelmi k\u00f6vetelm\u00e9nyek<\/strong>:\n<ul class=\"wp-block-list\">\n<li>A gyermeknek vagy unok\u00e1nak a csal\u00e1dtagok sz\u00e1m\u00e1t\u00f3l f\u00fcgg\u0151 <strong>minim\u00e1lis j\u00f6vedelemhat\u00e1rnak<\/strong> kell megfelelnie.<\/li>\n<\/ul>\n<\/li>\n\n\n\n<li><strong>Eg\u00e9szs\u00e9gbiztos\u00edt\u00e1s<\/strong>:\n<ul class=\"wp-block-list\">\n<li>V\u00e1s\u00e1roljon <strong>mag\u00e1n-eg\u00e9szs\u00e9gbiztos\u00edt\u00e1st<\/strong> egy olyan kanadai biztos\u00edt\u00f3t\u00e1rsas\u00e1gt\u00f3l, amely:\n<ul class=\"wp-block-list\">\n<li>Legal\u00e1bb <strong> 100 000 CAD doll\u00e1rra<\/strong> ny\u00fajt fedezetet.<\/li>\n\n\n\n<li>A bel\u00e9p\u00e9s id\u0151pontj\u00e1t\u00f3l sz\u00e1m\u00edtott <strong>legal\u00e1bb egy<\/strong> \u00e9vig \u00e9rv\u00e9nyes.<\/li>\n\n\n\n<li>Tartalmazza a teljes kifizet\u00e9s igazol\u00e1s\u00e1t (nem \u00e1raj\u00e1nlatok).<\/li>\n<\/ul>\n<\/li>\n<\/ul>\n<\/li>\n\n\n\n<li><strong>Orvosi vizsg\u00e1lat<\/strong>:\n<ul class=\"wp-block-list\">\n<li>T\u00f6ltse ki a bev\u00e1ndorl\u00e1si orvosi vizsg\u00e1latot az elfogadhat\u00f3s\u00e1g igazol\u00e1sa \u00e9rdek\u00e9ben.<\/li>\n<\/ul>\n<\/li>\n\n\n\n<li><strong>Tov\u00e1bbi k\u00f6vetelm\u00e9nyek<\/strong>:\n<ul class=\"wp-block-list\">\n<li>Bizony\u00edtsa, hogy er\u0151s k\u00f6t\u0151d\u00e9se van a haz\u00e1j\u00e1hoz, p\u00e9ld\u00e1ul csal\u00e1dja, p\u00e9nz\u00fcgyei vagy munk\u00e1ja r\u00e9v\u00e9n, hogy biztos\u00edtsa, hogy l\u00e1togat\u00e1sa ut\u00e1n elhagyja Kanad\u00e1t.<\/li>\n\n\n\n<li>Mutassa meg, hogy elegend\u0151 p\u00e9nzeszk\u00f6zzel rendelkezik a l\u00e1togat\u00e1sra.<\/li>\n<\/ul>\n<\/li>\n<\/ol>\n\n<hr class=\"wp-block-separator has-alpha-channel-opacity\"\/>\n\n<h3 class=\"wp-block-heading\"><strong>Meddig maradhat Kanad\u00e1ban?<\/strong><\/h3>\n\n<p>A tart\u00f3zkod\u00e1s id\u0151tartama att\u00f3l f\u00fcgg, hogy \u00d6n mikor ig\u00e9nyelte a szuperv\u00edzumot:<\/p>\n\n<ul class=\"wp-block-list\">\n<li><strong>2023. j\u00fanius 22-\u00e9n vagy azt k\u00f6vet\u0151en beny\u00fajtott k\u00e9relmek<\/strong>:\n<ul class=\"wp-block-list\">\n<li>A szuperv\u00edzummal rendelkez\u0151k <strong>l\u00e1togat\u00e1sonk\u00e9nt legfeljebb 5 \u00e9vig<\/strong> maradhatnak.<\/li>\n<\/ul>\n<\/li>\n\n\n\n<li><strong>A k\u00e9relmek 2023. j\u00fanius 22. el\u0151tt ny\u00fajthat\u00f3k<\/strong> be:\n<ul class=\"wp-block-list\">\n<li><strong>L\u00e1togat\u00e1sonk\u00e9nt legfeljebb 2<\/strong> \u00e9vig maradhat.<\/li>\n<\/ul>\n<\/li>\n<\/ul>\n\n<p>F\u00fcggetlen\u00fcl a jelentkez\u00e9s id\u0151pontj\u00e1t\u00f3l:<\/p>\n\n<ul class=\"wp-block-list\">\n<li>Gy\u0151z\u0151dj\u00f6n meg arr\u00f3l, <strong>hogy \u00fatlevele<\/strong> a tart\u00f3zkod\u00e1s idej\u00e9re <strong>\u00e9rv\u00e9nyes<\/strong>.<\/li>\n\n\n\n<li>Tartsa fenn vagy \u00faj\u00edtsa meg <strong>eg\u00e9szs\u00e9gbiztos\u00edt\u00e1s\u00e1t<\/strong> Kanad\u00e1ban tart\u00f3zkod\u00e1sa alatt vagy \u00fajb\u00f3li bel\u00e9p\u00e9skor.<\/li>\n<\/ul>\n\n<hr class=\"wp-block-separator has-alpha-channel-opacity\"\/>\n\n<h3 class=\"wp-block-heading\"><strong>A szuperv\u00edzum el\u0151nyei<\/strong><\/h3>\n\n<ol class=\"wp-block-list\">\n<li><strong>Kib\u0151v\u00edtett l\u00e1togat\u00e1sok<\/strong>:\n<ul class=\"wp-block-list\">\n<li>\u00c9lvezze a hossz\u00fa t\u00e1v\u00fa tart\u00f3zkod\u00e1st an\u00e9lk\u00fcl, hogy gyakran kellene hosszabb\u00edt\u00e1st k\u00e9rnie.<\/li>\n<\/ul>\n<\/li>\n\n\n\n<li><strong>T\u00f6bb bejegyz\u00e9s<\/strong>:\n<ul class=\"wp-block-list\">\n<li>10 \u00e9ves id\u0151szak alatt t\u00f6bbsz\u00f6r utazik Kanad\u00e1ba.<\/li>\n<\/ul>\n<\/li>\n\n\n\n<li><strong>Nyugalom<\/strong>:\n<ul class=\"wp-block-list\">\n<li>Az eg\u00e9szs\u00e9gbiztos\u00edt\u00e1s megk\u00f6vetel\u00e9se biztos\u00edtja az orvosi ell\u00e1t\u00e1st az \u00d6n tart\u00f3zkod\u00e1sa alatt.<\/li>\n<\/ul>\n<\/li>\n\n\n\n<li><strong>Csal\u00e1degyes\u00edt\u00e9s<\/strong>:\n<ul class=\"wp-block-list\">\n<li>\u00c1polja a szorosabb kapcsolatot gyermekeivel \u00e9s unok\u00e1ival.<\/li>\n<\/ul>\n<\/li>\n<\/ol>\n","protected":false},"excerpt":{"rendered":"<p>Szuper v\u00edzum sz\u00fcl\u0151k \u00e9s nagysz\u00fcl\u0151k sz\u00e1m\u00e1ra A szuperv\u00edzum egy speci\u00e1lis v\u00edzum, amelyet kanadai \u00e1llampolg\u00e1rok \u00e9s \u00e1lland\u00f3 lakosok sz\u00fclei \u00e9s nagysz\u00fclei [&hellip;]<\/p>\n","protected":false},"author":1,"featured_media":0,"parent":0,"menu_order":0,"comment_status":"closed","ping_status":"closed","template":"","meta":{"_uag_custom_page_level_css":"","site-sidebar-layout":"default","site-content-layout":"","ast-site-content-layout":"","site-content-style":"default","site-sidebar-style":"default","ast-global-header-display":"","ast-banner-title-visibility":"","ast-main-header-display":"","ast-hfb-above-header-display":"","ast-hfb-below-header-display":"","ast-hfb-mobile-header-display":"","site-post-title":"","ast-breadcrumbs-content":"","ast-featured-img":"","footer-sml-layout":"","theme-transparent-header-meta":"","adv-header-id-meta":"","stick-header-meta":"","header-above-stick-meta":"","header-main-stick-meta":"","header-below-stick-meta":"","astra-migrate-meta-layouts":"default","ast-page-background-enabled":"default","ast-page-background-meta":{"desktop":{"background-color":"var(--ast-global-color-4)","background-image":"","background-repeat":"repeat","background-position":"center center","background-size":"auto","background-attachment":"scroll","background-type":"","background-media":"","overlay-type":"","overlay-color":"","overlay-opacity":"","overlay-gradient":""},"tablet":{"background-color":"","background-image":"","background-repeat":"repeat","background-position":"center center","background-size":"auto","background-attachment":"scroll","background-type":"","background-media":"","overlay-type":"","overlay-color":"","overlay-opacity":"","overlay-gradient":""},"mobile":{"background-color":"","background-image":"","background-repeat":"repeat","background-position":"center center","background-size":"auto","background-attachment":"scroll","background-type":"","background-media":"","overlay-type":"","overlay-color":"","overlay-opacity":"","overlay-gradient":""}},"ast-content-background-meta":{"desktop":{"background-color":"var(--ast-global-color-5)","background-image":"","background-repeat":"repeat","background-position":"center center","background-size":"auto","background-attachment":"scroll","background-type":"","background-media":"","overlay-type":"","overlay-color":"","overlay-opacity":"","overlay-gradient":""},"tablet":{"background-color":"var(--ast-global-color-5)","background-image":"","background-repeat":"repeat","background-position":"center center","background-size":"auto","background-attachment":"scroll","background-type":"","background-media":"","overlay-type":"","overlay-color":"","overlay-opacity":"","overlay-gradient":""},"mobile":{"background-color":"var(--ast-global-color-5)","background-image":"","background-repeat":"repeat","background-position":"center center","background-size":"auto","background-attachment":"scroll","background-type":"","background-media":"","overlay-type":"","overlay-color":"","overlay-opacity":"","overlay-gradient":""}},"footnotes":""},"categories":[],"tags":[],"class_list":["post-1263","page","type-page","status-publish","hentry"],"uagb_featured_image_src":{"full":false,"thumbnail":false,"medium":false,"medium_large":false,"large":false,"1536x1536":false,"2048x2048":false},"uagb_author_info":{"display_name":"admin","author_link":"https:\/\/www.etafast.org\/hu\/author\/admin\/"},"uagb_comment_info":0,"uagb_excerpt":"Szuper v\u00edzum sz\u00fcl\u0151k \u00e9s nagysz\u00fcl\u0151k sz\u00e1m\u00e1ra A szuperv\u00edzum egy speci\u00e1lis v\u00edzum, amelyet kanadai \u00e1llampolg\u00e1rok \u00e9s \u00e1lland\u00f3 lakosok sz\u00fclei \u00e9s nagysz\u00fclei [&hellip;]","_links":{"self":[{"href":"https:\/\/www.etafast.org\/hu\/wp-json\/wp\/v2\/pages\/1263","targetHints":{"allow":["GET"]}}],"collection":[{"href":"https:\/\/www.etafast.org\/hu\/wp-json\/wp\/v2\/pages"}],"about":[{"href":"https:\/\/www.etafast.org\/hu\/wp-json\/wp\/v2\/types\/page"}],"author":[{"embeddable":true,"href":"https:\/\/www.etafast.org\/hu\/wp-json\/wp\/v2\/users\/1"}],"replies":[{"embeddable":true,"href":"https:\/\/www.etafast.org\/hu\/wp-json\/wp\/v2\/comments?post=1263"}],"version-history":[{"count":1,"href":"https:\/\/www.etafast.org\/hu\/wp-json\/wp\/v2\/pages\/1263\/revisions"}],"predecessor-version":[{"id":1264,"href":"https:\/\/www.etafast.org\/hu\/wp-json\/wp\/v2\/pages\/1263\/revisions\/1264"}],"wp:attachment":[{"href":"https:\/\/www.etafast.org\/hu\/wp-json\/wp\/v2\/media?parent=1263"}],"wp:term":[{"taxonomy":"category","embeddable":true,"href":"https:\/\/www.etafast.org\/hu\/wp-json\/wp\/v2\/categories?post=1263"},{"taxonomy":"post_tag","embeddable":true,"href":"https:\/\/www.etafast.org\/hu\/wp-json\/wp\/v2\/tags?post=1263"}],"curies":[{"name":"wp","href":"https:\/\/api.w.org\/{rel}","templated":true}]}}

Szuper vízum szülők és nagyszülők számára

<h3 class="wp-block-heading">Szuper vízum szülők és nagyszülők számára</h3>

<p>A <strong>szupervízum</strong> egy speciális vízum, amelyet kanadai állampolgárok és állandó lakosok szülei és nagyszülei számára hoztak létre. Lehetővé teszi a hosszabb távú kanadai látogatásokat, és egyedülálló lehetőséget biztosít arra, hogy a családdal töltsenek időt, miközben élvezhetik a többszöri beutazás előnyeit hosszú időn keresztül. </p>

<hr class="wp-block-separator has-alpha-channel-opacity"/>

<h3 class="wp-block-heading"><strong>Mi az a Super Visa?</strong></h3>

<p>A <strong>Super Visa</strong> a következő:</p>

<ul class="wp-block-list">
<li><strong>Hosszú távú vízum</strong>, amely lehetővé teszi a jogosult szülők és nagyszülők számára, hogy <strong>látogatásonként legfeljebb 5 évig</strong> látogathassák Kanadát anélkül, hogy státuszukat meg kellene újítaniuk.</li>



<li><strong>Többszöri beutazásra jogosító vízum</strong>, amely <strong>legfeljebb 10 évig</strong> érvényes, és amely lehetővé teszi a gyakori kanadai látogatásokat a vízum érvényességi ideje alatt.</li>
</ul>

<p>Ez a vízum ideális olyan személyek számára, akik hosszabb időre tervezik meglátogatni gyermekeiket vagy unokáikat.</p>

<hr class="wp-block-separator has-alpha-channel-opacity"/>

<h3 class="wp-block-heading"><strong>A szupervízum jogosultsági feltételei</strong></h3>

<p>A szupervízumra való jogosultsághoz a kérelmezőknek meghatározott feltételeknek kell megfelelniük:</p>

<ol class="wp-block-list">
<li><strong>Kapcsolat</strong>:
<ul class="wp-block-list">
<li>Kanadai állampolgár vagy állandó lakos <strong>szülője vagy nagyszülője</strong>.</li>
</ul>
</li>



<li><strong>Meghívólevél</strong>:
<ul class="wp-block-list">
<li>A Kanadában élő gyermeke vagy unokája által küldött meghívólevél.</li>



<li>A levélnek tartalmaznia kell:
<ul class="wp-block-list">
<li>Pénzügyi támogatás ígérete a látogatás időtartamára.</li>



<li>A kapcsolatuk részletei.</li>



<li>A fogadó kanadai háztartás tagjainak listája.</li>
</ul>
</li>
</ul>
</li>



<li><strong>Jövedelmi követelmények</strong>:
<ul class="wp-block-list">
<li>A gyermeknek vagy unokának a családtagok számától függő <strong>minimális jövedelemhatárnak</strong> kell megfelelnie.</li>
</ul>
</li>



<li><strong>Egészségbiztosítás</strong>:
<ul class="wp-block-list">
<li>Vásároljon <strong>magán-egészségbiztosítást</strong> egy olyan kanadai biztosítótársaságtól, amely:
<ul class="wp-block-list">
<li>Legalább <strong> 100 000 CAD dollárra</strong> nyújt fedezetet.</li>



<li>A belépés időpontjától számított <strong>legalább egy</strong> évig érvényes.</li>



<li>Tartalmazza a teljes kifizetés igazolását (nem árajánlatok).</li>
</ul>
</li>
</ul>
</li>



<li><strong>Orvosi vizsgálat</strong>:
<ul class="wp-block-list">
<li>Töltse ki a bevándorlási orvosi vizsgálatot az elfogadhatóság igazolása érdekében.</li>
</ul>
</li>



<li><strong>További követelmények</strong>:
<ul class="wp-block-list">
<li>Bizonyítsa, hogy erős kötődése van a hazájához, például családja, pénzügyei vagy munkája révén, hogy biztosítsa, hogy látogatása után elhagyja Kanadát.</li>



<li>Mutassa meg, hogy elegendő pénzeszközzel rendelkezik a látogatásra.</li>
</ul>
</li>
</ol>

<hr class="wp-block-separator has-alpha-channel-opacity"/>

<h3 class="wp-block-heading"><strong>Meddig maradhat Kanadában?</strong></h3>

<p>A tartózkodás időtartama attól függ, hogy Ön mikor igényelte a szupervízumot:</p>

<ul class="wp-block-list">
<li><strong>2023. június 22-én vagy azt követően benyújtott kérelmek</strong>:
<ul class="wp-block-list">
<li>A szupervízummal rendelkezők <strong>látogatásonként legfeljebb 5 évig</strong> maradhatnak.</li>
</ul>
</li>



<li><strong>A kérelmek 2023. június 22. előtt nyújthatók</strong> be:
<ul class="wp-block-list">
<li><strong>Látogatásonként legfeljebb 2</strong> évig maradhat.</li>
</ul>
</li>
</ul>

<p>Függetlenül a jelentkezés időpontjától:</p>

<ul class="wp-block-list">
<li>Győződjön meg arról, <strong>hogy útlevele</strong> a tartózkodás idejére <strong>érvényes</strong>.</li>



<li>Tartsa fenn vagy újítsa meg <strong>egészségbiztosítását</strong> Kanadában tartózkodása alatt vagy újbóli belépéskor.</li>
</ul>

<hr class="wp-block-separator has-alpha-channel-opacity"/>

<h3 class="wp-block-heading"><strong>A szupervízum előnyei</strong></h3>

<ol class="wp-block-list">
<li><strong>Kibővített látogatások</strong>:
<ul class="wp-block-list">
<li>Élvezze a hosszú távú tartózkodást anélkül, hogy gyakran kellene hosszabbítást kérnie.</li>
</ul>
</li>



<li><strong>Több bejegyzés</strong>:
<ul class="wp-block-list">
<li>10 éves időszak alatt többször utazik Kanadába.</li>
</ul>
</li>



<li><strong>Nyugalom</strong>:
<ul class="wp-block-list">
<li>Az egészségbiztosítás megkövetelése biztosítja az orvosi ellátást az Ön tartózkodása alatt.</li>
</ul>
</li>



<li><strong>Családegyesítés</strong>:
<ul class="wp-block-list">
<li>Ápolja a szorosabb kapcsolatot gyermekeivel és unokáival.</li>
</ul>
</li>
</ol>

<p>Szuper vízum szülők és nagyszülők számára A szupervízum egy speciális vízum, amelyet kanadai állampolgárok és állandó lakosok szülei és nagyszülei [&hellip;]</p>

Szuper vízum szülők és nagyszülők számára A szupervízum egy speciális vízum, amelyet kanadai állampolgárok és állandó lakosok szülei és nagyszülei [&hellip;]
