{"id":1455,"date":"2024-12-11T08:25:47","date_gmt":"2024-12-11T07:25:47","guid":{"rendered":"https:\/\/www.etafast.org\/an-bhfuil-visa-uait\/"},"modified":"2024-12-11T09:14:50","modified_gmt":"2024-12-11T08:14:50","slug":"an-bhfuil-visa-uait","status":"publish","type":"page","link":"https:\/\/www.etafast.org\/ga\/an-bhfuil-visa-uait\/","title":{"rendered":"An bhfuil VISA uait?"},"content":{"rendered":"\n<h3 class=\"wp-block-heading\">Conas a Fh\u00e1il M\u00e1 theasta\u00edonn V\u00edosa uait chun Taisteal go Ceanada<\/h3>\n\n<p>\u00c9il\u00edonn Ceanada go mbeadh <strong>v\u00edosa cuairteora<\/strong> n\u00f3 <strong>\u00dadar\u00fa Leictreonach Taistil (eTA)<\/strong> ag taistealaithe chun dul isteach sa t\u00edr n\u00f3 chun taisteal tr\u00edd an t\u00edr, ag brath ar a n\u00e1isi\u00fantacht agus a modh taistil. Seo mar is f\u00e9idir leat a chinneadh cad at\u00e1 uait: <\/p>\n\n<hr class=\"wp-block-separator has-alpha-channel-opacity\"\/>\n\n<h3 class=\"wp-block-heading\"><strong>C\u00e9im 1: Seice\u00e1il Do N\u00e1isi\u00fantacht<\/strong><\/h3>\n\n<p>Braitheann an cine\u00e1l doicim\u00e9id taistil at\u00e1 uait go pr\u00edomha ar do shaor\u00e1nacht. Tagann an lucht si\u00fail i gceann de thr\u00ed chatag\u00f3ir: <\/p>\n\n<ol class=\"wp-block-list\">\n<li><strong>Taistealaithe at\u00e1 D\u00edolmhaithe \u00f3 V\u00edosa\u00ed (eTA de dh\u00edth)<\/strong><br\/> M\u00e1s saor\u00e1nach th\u00fa de th\u00edr at\u00e1 d\u00edolmhaithe \u00f3 v\u00edosa, teasta\u00edonn eTA uait m\u00e1 t\u00e1 t\u00fa ag taisteal go Ceanada d\u2019aer n\u00f3 ag d\u00e9anamh iompair tr\u00edd. I measc na sampla\u00ed de th\u00edortha at\u00e1 d\u00edolmhaithe \u00f3 v\u00edosa t\u00e1: <ul><li>Astr\u00e1il<\/li><li>an Ghearm\u00e1in<\/li><li>an tSeap\u00e1in<\/li><li>An R\u00edocht Aontaithe<\/li><li>Fhrainc<br\/> <em>(N\u00ed liosta ioml\u00e1n \u00e9 seo.)<\/em><\/li><\/ul><strong>T\u00e1bhachtach<\/strong> : M\u00e1 t\u00e1 t\u00fa ag teacht isteach i gCeanada i gcarr, ar bhus, ar thraein n\u00f3 ar bh\u00e1d, lena n-\u00e1ir\u00edtear turas mara, NACH bhfuil eTA n\u00e1 v\u00edosa cuairteora de dh\u00edth ort.<\/li>\n\n\n\n<li><strong>Taistealaithe ag Teast\u00e1il V\u00edosa (V\u00edosa Cuairteora de dh\u00edth)<\/strong><br> B\u00edonn v\u00edosa cuairteora (ar a dtugtar V\u00edosa C\u00f3naitheach Sealadach freisin) ag teast\u00e1il \u00f3 shaor\u00e1naigh na dt\u00edortha nach bhfuil ar an liosta d\u00edolmhaithe v\u00edosa chun taisteal go Ceanada, beag beann ar an modh taistil.<br> I measc na sampla\u00ed de th\u00edortha a bhfuil v\u00edosa ag teast\u00e1il uathu t\u00e1:\n<ul class=\"wp-block-list\">\n<li>India<\/li>\n\n\n\n<li>tS\u00edn<\/li>\n\n\n\n<li>Phacast\u00e1in<br\/> <em>(N\u00ed liosta ioml\u00e1n \u00e9 seo.)<\/em><\/li>\n<\/ul>\n<\/li>\n\n\n\n<li><strong>Taistealaithe Inch\u00e1ilithe a dteasta\u00edonn V\u00edosa uathu (F\u00e9adfaidh siad a bheith C\u00e1ilithe le haghaidh eTA)<\/strong><br> M\u00e1s as t\u00edr a bhfuil v\u00edosa ag teast\u00e1il th\u00fa ach go gcomhl\u00edonann t\u00fa coinn\u00edollacha sonracha, is f\u00e9idir leat iarratas a dh\u00e9anamh ar eTA seachas v\u00edosa. \u00c1ir\u00edtear ar na coinn\u00edollacha seo: <ul><li>V\u00edosa neamh-inimirceach SAM bail\u00ed a bheith agat, N\u00d3<\/li><li>Tar \u00e9is v\u00edosa cuairteora \u00f3 Cheanada a bheith agat le 10 mbliana anuas.<\/li><\/ul>I measc na dt\u00edortha at\u00e1 inch\u00e1ilithe don rogha seo t\u00e1:\n<ul class=\"wp-block-list\">\n<li>an Bhrasa\u00edl<\/li>\n\n\n\n<li>Meicsiceo<\/li>\n\n\n\n<li>hOile\u00e1in Fhilip\u00edneacha<br\/> <em>(N\u00ed liosta ioml\u00e1n \u00e9 seo.)<\/em><\/li>\n<\/ul>\n<\/li>\n<\/ol>\n\n<hr class=\"wp-block-separator has-alpha-channel-opacity\"\/>\n\n<h3 class=\"wp-block-heading\"><strong>C\u00e9im 2: Smaoinigh ar do Mhodh Taistil<\/strong><\/h3>\n\n<p>Braitheann an doicim\u00e9ad taistil at\u00e1 uait freisin ar an gcaoi a bhfuil t\u00fa ag dul isteach i gCeanada:<\/p>\n\n<figure class=\"wp-block-table\"><table class=\"has-fixed-layout\"><thead><tr><th><strong>Modh Taistil<\/strong><\/th><th><strong>Riachtanas<\/strong><\/th><\/tr><\/thead><tbody><tr><td>Eitilt chuig aerfort Cheanada n\u00f3 a th\u00e9ann tr\u00edd<\/td><td>eTA (do thaistealaithe at\u00e1 d\u00edolmhaithe \u00f3 v\u00edosa) n\u00f3 v\u00edosa cuairteora<\/td><\/tr><tr><td>Dul isteach i gcarr, bus, traein n\u00f3 b\u00e1d (c\u00fars\u00e1il san \u00e1ireamh)<\/td><td>V\u00edosa cuairteora (do thaistealaithe a bhfuil v\u00edosa ag teast\u00e1il uathu)<\/td><\/tr><tr><td>Taisteal le v\u00edosa bail\u00ed Cheanada<\/td><td>N\u00edl aon gh\u00e1 le eTA; bain \u00fas\u00e1id as do v\u00edosa<\/td><\/tr><\/tbody><\/table><\/figure>\n\n<hr class=\"wp-block-separator has-alpha-channel-opacity\"\/>\n\n<h3 class=\"wp-block-heading\"><strong>C\u00e9im 3: Eisceachta\u00ed don Riail<\/strong><\/h3>\n\n<ol class=\"wp-block-list\">\n<li><strong>Saor\u00e1naigh SAM<\/strong><br\/> N\u00cd bh\u00edonn g\u00e1 ag saor\u00e1naigh SAM le eTA n\u00f3 v\u00edosa cuairteora. N\u00edl de dh\u00edth orthu ach pas bail\u00ed SAM. <\/li>\n\n\n\n<li><strong>Saor\u00e1naigh Cheanada (D\u00e9shaor\u00e1naigh san \u00e1ireamh)<\/strong><br\/> N\u00ed f\u00e9idir le saor\u00e1naigh Cheanada iarratas a dh\u00e9anamh ar eTA n\u00f3 v\u00edosa. Caithfidh siad taisteal le pas bail\u00ed Ceanadach. <\/li>\n\n\n\n<li><strong>C\u00f3naitheoir\u00ed Buan Cheanada<\/strong><br> N\u00ed f\u00e9idir le buanch\u00f3naitheoir\u00ed Cheanada iarratas a dh\u00e9anamh ar eTA. Caithfidh siad taisteal le: \n<ul class=\"wp-block-list\">\n<li>C\u00e1rta buanch\u00f3naitheoir bail\u00ed, N\u00d3<\/li>\n\n\n\n<li>Doicim\u00e9ad taistil do ch\u00f3naitheoir buan.<\/li>\n<\/ul>\n<\/li>\n\n\n\n<li><strong>C\u00f3naitheoir\u00ed Buan SAM<\/strong><br> \u00d3n 26 Aibre\u00e1n, 2022, n\u00edl eTA ag teast\u00e1il \u00f3 bhuanch\u00f3naitheoir\u00ed dleathacha na SA. Caithfidh siad: \n<ul class=\"wp-block-list\">\n<li>Pas bail\u00ed \u00f3na n\u00e1isi\u00fantacht, AGUS<\/li>\n\n\n\n<li>C\u00e1rta Glas bail\u00ed n\u00f3 cruth\u00fanas coibh\u00e9iseach ar st\u00e1das.<\/li>\n<\/ul>\n<\/li>\n<\/ol>\n\n<hr class=\"wp-block-separator has-alpha-channel-opacity\"\/>\n\n<h3 class=\"wp-block-heading\"><strong>C\u00e9im 4: \u00das\u00e1id Uirlis Rialtas Cheanada<\/strong><\/h3>\n\n<p>Chun a dheimhni\u00fa an bhfuil v\u00edosa n\u00f3 eTA uait, is f\u00e9idir leat <a>uirlis oifigi\u00fail doicim\u00e9ad taistil<\/a> Rialtas Cheanada a \u00fas\u00e1id . N\u00edl ort ach do n\u00e1isi\u00fantacht, modh taistil agus cusp\u00f3ir na cuairte a ionchur chun tortha\u00ed pearsantaithe a fh\u00e1il. <\/p>\n\n<hr class=\"wp-block-separator has-alpha-channel-opacity\"\/>\n\n<h3 class=\"wp-block-heading\"><strong>N\u00f3ta\u00ed Deiridh<\/strong><\/h3>\n\n<ul class=\"wp-block-list\">\n<li>Cinntigh go nd\u00e9anann t\u00fa iarratas ar an doicim\u00e9ad ceart tamall maith roimh do dh\u00e1ta taistil.<\/li>\n\n\n\n<li>N\u00ed r\u00e1tha\u00edonn v\u00edosa n\u00f3 eTA dul isteach i gCeanada. N\u00ed m\u00f3r duit an t-oifigeach seirbh\u00eds\u00ed teorann a sh\u00e1samh go gcomhl\u00edonann t\u00fa na riachtanais iontr\u00e1la go l\u00e9ir. <\/li>\n<\/ul>\n\n<p><\/p>\n","protected":false},"excerpt":{"rendered":"<p>Conas a Fh\u00e1il M\u00e1 theasta\u00edonn V\u00edosa uait chun Taisteal go Ceanada \u00c9il\u00edonn Ceanada go mbeadh v\u00edosa cuairteora n\u00f3 \u00dadar\u00fa Leictreonach [&hellip;]<\/p>\n","protected":false},"author":1,"featured_media":0,"parent":0,"menu_order":0,"comment_status":"closed","ping_status":"closed","template":"","meta":{"_uag_custom_page_level_css":"","site-sidebar-layout":"default","site-content-layout":"","ast-site-content-layout":"","site-content-style":"default","site-sidebar-style":"default","ast-global-header-display":"","ast-banner-title-visibility":"","ast-main-header-display":"","ast-hfb-above-header-display":"","ast-hfb-below-header-display":"","ast-hfb-mobile-header-display":"","site-post-title":"","ast-breadcrumbs-content":"","ast-featured-img":"","footer-sml-layout":"","theme-transparent-header-meta":"","adv-header-id-meta":"","stick-header-meta":"","header-above-stick-meta":"","header-main-stick-meta":"","header-below-stick-meta":"","astra-migrate-meta-layouts":"default","ast-page-background-enabled":"default","ast-page-background-meta":{"desktop":{"background-color":"var(--ast-global-color-4)","background-image":"","background-repeat":"repeat","background-position":"center center","background-size":"auto","background-attachment":"scroll","background-type":"","background-media":"","overlay-type":"","overlay-color":"","overlay-opacity":"","overlay-gradient":""},"tablet":{"background-color":"","background-image":"","background-repeat":"repeat","background-position":"center center","background-size":"auto","background-attachment":"scroll","background-type":"","background-media":"","overlay-type":"","overlay-color":"","overlay-opacity":"","overlay-gradient":""},"mobile":{"background-color":"","background-image":"","background-repeat":"repeat","background-position":"center center","background-size":"auto","background-attachment":"scroll","background-type":"","background-media":"","overlay-type":"","overlay-color":"","overlay-opacity":"","overlay-gradient":""}},"ast-content-background-meta":{"desktop":{"background-color":"var(--ast-global-color-5)","background-image":"","background-repeat":"repeat","background-position":"center center","background-size":"auto","background-attachment":"scroll","background-type":"","background-media":"","overlay-type":"","overlay-color":"","overlay-opacity":"","overlay-gradient":""},"tablet":{"background-color":"var(--ast-global-color-5)","background-image":"","background-repeat":"repeat","background-position":"center center","background-size":"auto","background-attachment":"scroll","background-type":"","background-media":"","overlay-type":"","overlay-color":"","overlay-opacity":"","overlay-gradient":""},"mobile":{"background-color":"var(--ast-global-color-5)","background-image":"","background-repeat":"repeat","background-position":"center center","background-size":"auto","background-attachment":"scroll","background-type":"","background-media":"","overlay-type":"","overlay-color":"","overlay-opacity":"","overlay-gradient":""}},"footnotes":""},"categories":[],"tags":[],"class_list":["post-1455","page","type-page","status-publish","hentry"],"uagb_featured_image_src":{"full":false,"thumbnail":false,"medium":false,"medium_large":false,"large":false,"1536x1536":false,"2048x2048":false},"uagb_author_info":{"display_name":"admin","author_link":"https:\/\/www.etafast.org\/ga\/author\/admin\/"},"uagb_comment_info":0,"uagb_excerpt":"Conas a Fh\u00e1il M\u00e1 theasta\u00edonn V\u00edosa uait chun Taisteal go Ceanada \u00c9il\u00edonn Ceanada go mbeadh v\u00edosa cuairteora n\u00f3 \u00dadar\u00fa Leictreonach [&hellip;]","_links":{"self":[{"href":"https:\/\/www.etafast.org\/ga\/wp-json\/wp\/v2\/pages\/1455","targetHints":{"allow":["GET"]}}],"collection":[{"href":"https:\/\/www.etafast.org\/ga\/wp-json\/wp\/v2\/pages"}],"about":[{"href":"https:\/\/www.etafast.org\/ga\/wp-json\/wp\/v2\/types\/page"}],"author":[{"embeddable":true,"href":"https:\/\/www.etafast.org\/ga\/wp-json\/wp\/v2\/users\/1"}],"replies":[{"embeddable":true,"href":"https:\/\/www.etafast.org\/ga\/wp-json\/wp\/v2\/comments?post=1455"}],"version-history":[{"count":1,"href":"https:\/\/www.etafast.org\/ga\/wp-json\/wp\/v2\/pages\/1455\/revisions"}],"predecessor-version":[{"id":1456,"href":"https:\/\/www.etafast.org\/ga\/wp-json\/wp\/v2\/pages\/1455\/revisions\/1456"}],"wp:attachment":[{"href":"https:\/\/www.etafast.org\/ga\/wp-json\/wp\/v2\/media?parent=1455"}],"wp:term":[{"taxonomy":"category","embeddable":true,"href":"https:\/\/www.etafast.org\/ga\/wp-json\/wp\/v2\/categories?post=1455"},{"taxonomy":"post_tag","embeddable":true,"href":"https:\/\/www.etafast.org\/ga\/wp-json\/wp\/v2\/tags?post=1455"}],"curies":[{"name":"wp","href":"https:\/\/api.w.org\/{rel}","templated":true}]}}

<h3 class="wp-block-heading">Conas a Fháil Má theastaíonn Víosa uait chun Taisteal go Ceanada</h3>

<p>Éilíonn Ceanada go mbeadh <strong>víosa cuairteora</strong> nó <strong>Údarú Leictreonach Taistil (eTA)</strong> ag taistealaithe chun dul isteach sa tír nó chun taisteal tríd an tír, ag brath ar a náisiúntacht agus a modh taistil. Seo mar is féidir leat a chinneadh cad atá uait: </p>

<hr class="wp-block-separator has-alpha-channel-opacity"/>

<h3 class="wp-block-heading"><strong>Céim 1: Seiceáil Do Náisiúntacht</strong></h3>

<p>Braitheann an cineál doiciméid taistil atá uait go príomha ar do shaoránacht. Tagann an lucht siúil i gceann de thrí chatagóir: </p>

<ol class="wp-block-list">
<li><strong>Taistealaithe atá Díolmhaithe ó Víosaí (eTA de dhíth)</strong><br/> Más saoránach thú de thír atá díolmhaithe ó víosa, teastaíonn eTA uait má tá tú ag taisteal go Ceanada d’aer nó ag déanamh iompair tríd. I measc na samplaí de thíortha atá díolmhaithe ó víosa tá: <ul><li>Astráil</li><li>an Ghearmáin</li><li>an tSeapáin</li><li>An Ríocht Aontaithe</li><li>Fhrainc<br/> <em>(Ní liosta iomlán é seo.)</em></li></ul><strong>Tábhachtach</strong> : Má tá tú ag teacht isteach i gCeanada i gcarr, ar bhus, ar thraein nó ar bhád, lena n-áirítear turas mara, NACH bhfuil eTA ná víosa cuairteora de dhíth ort.</li>



<li><strong>Taistealaithe ag Teastáil Víosa (Víosa Cuairteora de dhíth)</strong><br> Bíonn víosa cuairteora (ar a dtugtar Víosa Cónaitheach Sealadach freisin) ag teastáil ó shaoránaigh na dtíortha nach bhfuil ar an liosta díolmhaithe víosa chun taisteal go Ceanada, beag beann ar an modh taistil.<br> I measc na samplaí de thíortha a bhfuil víosa ag teastáil uathu tá:
<ul class="wp-block-list">
<li>India</li>



<li>tSín</li>



<li>Phacastáin<br/> <em>(Ní liosta iomlán é seo.)</em></li>
</ul>
</li>



<li><strong>Taistealaithe Incháilithe a dteastaíonn Víosa uathu (Féadfaidh siad a bheith Cáilithe le haghaidh eTA)</strong><br> Más as tír a bhfuil víosa ag teastáil thú ach go gcomhlíonann tú coinníollacha sonracha, is féidir leat iarratas a dhéanamh ar eTA seachas víosa. Áirítear ar na coinníollacha seo: <ul><li>Víosa neamh-inimirceach SAM bailí a bheith agat, NÓ</li><li>Tar éis víosa cuairteora ó Cheanada a bheith agat le 10 mbliana anuas.</li></ul>I measc na dtíortha atá incháilithe don rogha seo tá:
<ul class="wp-block-list">
<li>an Bhrasaíl</li>



<li>Meicsiceo</li>



<li>hOileáin Fhilipíneacha<br/> <em>(Ní liosta iomlán é seo.)</em></li>
</ul>
</li>
</ol>

<hr class="wp-block-separator has-alpha-channel-opacity"/>

<h3 class="wp-block-heading"><strong>Céim 2: Smaoinigh ar do Mhodh Taistil</strong></h3>

<p>Braitheann an doiciméad taistil atá uait freisin ar an gcaoi a bhfuil tú ag dul isteach i gCeanada:</p>

<figure class="wp-block-table"><table class="has-fixed-layout"><thead><tr><th><strong>Modh Taistil</strong></th><th><strong>Riachtanas</strong></th></tr></thead><tbody><tr><td>Eitilt chuig aerfort Cheanada nó a théann tríd</td><td>eTA (do thaistealaithe atá díolmhaithe ó víosa) nó víosa cuairteora</td></tr><tr><td>Dul isteach i gcarr, bus, traein nó bád (cúrsáil san áireamh)</td><td>Víosa cuairteora (do thaistealaithe a bhfuil víosa ag teastáil uathu)</td></tr><tr><td>Taisteal le víosa bailí Cheanada</td><td>Níl aon ghá le eTA; bain úsáid as do víosa</td></tr></tbody></table></figure>

<hr class="wp-block-separator has-alpha-channel-opacity"/>

<h3 class="wp-block-heading"><strong>Céim 3: Eisceachtaí don Riail</strong></h3>

<ol class="wp-block-list">
<li><strong>Saoránaigh SAM</strong><br/> NÍ bhíonn gá ag saoránaigh SAM le eTA nó víosa cuairteora. Níl de dhíth orthu ach pas bailí SAM. </li>



<li><strong>Saoránaigh Cheanada (Déshaoránaigh san áireamh)</strong><br/> Ní féidir le saoránaigh Cheanada iarratas a dhéanamh ar eTA nó víosa. Caithfidh siad taisteal le pas bailí Ceanadach. </li>



<li><strong>Cónaitheoirí Buan Cheanada</strong><br> Ní féidir le buanchónaitheoirí Cheanada iarratas a dhéanamh ar eTA. Caithfidh siad taisteal le: 
<ul class="wp-block-list">
<li>Cárta buanchónaitheoir bailí, NÓ</li>



<li>Doiciméad taistil do chónaitheoir buan.</li>
</ul>
</li>



<li><strong>Cónaitheoirí Buan SAM</strong><br> Ón 26 Aibreán, 2022, níl eTA ag teastáil ó bhuanchónaitheoirí dleathacha na SA. Caithfidh siad: 
<ul class="wp-block-list">
<li>Pas bailí óna náisiúntacht, AGUS</li>



<li>Cárta Glas bailí nó cruthúnas coibhéiseach ar stádas.</li>
</ul>
</li>
</ol>

<hr class="wp-block-separator has-alpha-channel-opacity"/>

<h3 class="wp-block-heading"><strong>Céim 4: Úsáid Uirlis Rialtas Cheanada</strong></h3>

<p>Chun a dheimhniú an bhfuil víosa nó eTA uait, is féidir leat <a>uirlis oifigiúil doiciméad taistil</a> Rialtas Cheanada a úsáid . Níl ort ach do náisiúntacht, modh taistil agus cuspóir na cuairte a ionchur chun torthaí pearsantaithe a fháil. </p>

<hr class="wp-block-separator has-alpha-channel-opacity"/>

<h3 class="wp-block-heading"><strong>Nótaí Deiridh</strong></h3>

<ul class="wp-block-list">
<li>Cinntigh go ndéanann tú iarratas ar an doiciméad ceart tamall maith roimh do dháta taistil.</li>



<li>Ní ráthaíonn víosa nó eTA dul isteach i gCeanada. Ní mór duit an t-oifigeach seirbhísí teorann a shásamh go gcomhlíonann tú na riachtanais iontrála go léir. </li>
</ul>

<p></p>

<p>Conas a Fháil Má theastaíonn Víosa uait chun Taisteal go Ceanada Éilíonn Ceanada go mbeadh víosa cuairteora nó Údarú Leictreonach [&hellip;]</p>

Conas a Fháil Má theastaíonn Víosa uait chun Taisteal go Ceanada Éilíonn Ceanada go mbeadh víosa cuairteora nó Údarú Leictreonach [&hellip;]
