{"id":1271,"date":"2024-12-11T08:28:06","date_gmt":"2024-12-11T07:28:06","guid":{"rendered":"https:\/\/www.etafast.org\/viosa-super-do-thuismitheoiri-agus-seantuismitheoiri\/"},"modified":"2024-12-11T09:11:55","modified_gmt":"2024-12-11T08:11:55","slug":"viosa-super-do-thuismitheoiri-agus-seantuismitheoiri","status":"publish","type":"page","link":"https:\/\/www.etafast.org\/ga\/viosa-super-do-thuismitheoiri-agus-seantuismitheoiri\/","title":{"rendered":"V\u00edosa Super do Thuismitheoir\u00ed agus Seantuismitheoir\u00ed"},"content":{"rendered":"\n<h3 class=\"wp-block-heading\">V\u00edosa Super do Thuismitheoir\u00ed agus Seantuismitheoir\u00ed<\/h3>\n\n<p>Is <strong>v\u00edosa speisialta \u00e9 an Super Visa<\/strong> at\u00e1 deartha do thuismitheoir\u00ed agus seantuismitheoir\u00ed saor\u00e1naigh Cheanada agus buanch\u00f3naitheoir\u00ed. Ceada\u00edonn s\u00e9 cuairteanna s\u00ednte ar Cheanada, ag tabhairt deis uath\u00fail chun am a chaitheamh le teaghlach agus taitneamh a bhaint as na bunt\u00e1ist\u00ed a bhaineann le hiontr\u00e1lacha iolracha thar achar fada. <\/p>\n\n<hr class=\"wp-block-separator has-alpha-channel-opacity\"\/>\n\n<h3 class=\"wp-block-heading\"><strong>Cad is S\u00e1r-V\u00edosa ann?<\/strong><\/h3>\n\n<p>Is \u00e9 <strong>Super Visa<\/strong> :<\/p>\n\n<ul class=\"wp-block-list\">\n<li><strong>V\u00edosa fadt\u00e9armach<\/strong> a ligeann do thuismitheoir\u00ed inch\u00e1ilithe agus do sheantuismitheoir\u00ed cuairt a thabhairt ar Cheanada ar feadh <strong>suas le 5 bliana in aghaidh na cuairte<\/strong> gan g\u00e1 a st\u00e1das a athnuachan.<\/li>\n\n\n\n<li><strong>V\u00edosa dul isteach iolrach<\/strong> , at\u00e1 bail\u00ed ar feadh <strong>suas le 10 mbliana<\/strong> , a chumasa\u00edonn cuairteanna minice ar Cheanada le linn thr\u00e9imhse bail\u00edochta an v\u00edosa.<\/li>\n<\/ul>\n\n<p>T\u00e1 an v\u00edosa seo oiri\u00fanach do dhaoine aonair a bhfuil s\u00e9 beartaithe acu cuairt a thabhairt ar a gcuid leana\u00ed n\u00f3 garchlann ar feadh tr\u00e9imhs\u00ed fada.<\/p>\n\n<hr class=\"wp-block-separator has-alpha-channel-opacity\"\/>\n\n<h3 class=\"wp-block-heading\"><strong>Riachtanais Ch\u00e1ilitheachta don S\u00e1r-V\u00edosa<\/strong><\/h3>\n\n<p>Chun c\u00e1ili\u00fa le haghaidh S\u00e1r-V\u00edosa, n\u00ed m\u00f3r d\u2019iarratas\u00f3ir\u00ed crit\u00e9ir shonracha a chomhl\u00edonadh:<\/p>\n\n<ol class=\"wp-block-list\">\n<li><strong>Gaol<\/strong> :\n<ul class=\"wp-block-list\">\n<li>B\u00ed mar <strong>thuismitheoir n\u00f3 seantuismitheoir<\/strong> do shaor\u00e1nach Cheanada n\u00f3 do bhuanch\u00f3naitheoir.<\/li>\n<\/ul>\n<\/li>\n\n\n\n<li><strong>Litir Cuireadh<\/strong> :\n<ul class=\"wp-block-list\">\n<li>Cuir litir chuiridh ar f\u00e1il \u00f3 do leanbh n\u00f3 garleanbh i gCeanada.<\/li>\n\n\n\n<li>Caithfidh na nithe seo a leanas a bheith sa litir:\n<ul class=\"wp-block-list\">\n<li>Gealltanas de thaca\u00edocht airgeadais ar feadh do chuairte.<\/li>\n\n\n\n<li>Sonra\u00ed do chaidrimh.<\/li>\n\n\n\n<li>T\u00e1 liosta de bhaill teaghlaigh an \u00f3sta i gCeanada&#8230;.<\/li>\n<\/ul>\n<\/li>\n<\/ul>\n<\/li>\n\n\n\n<li><strong>Riachtanais Ioncaim<\/strong> :\n<ul class=\"wp-block-list\">\n<li>Caithfidh an leanbh n\u00f3 garph\u00e1iste <strong>tairseach \u00edosta ioncaim<\/strong> a chomhl\u00edonadh bunaithe ar l\u00edon na mball teaghlaigh.<\/li>\n<\/ul>\n<\/li>\n\n\n\n<li><strong>\u00c1rachas Sl\u00e1inte<\/strong> :\n<ul class=\"wp-block-list\">\n<li>Ceannaigh <strong>\u00e1rachas leighis<\/strong> pr\u00edobh\u00e1ideach \u00f3 chuideachta \u00e1rachais Cheanada:\n<ul class=\"wp-block-list\">\n<li>Cl\u00fada\u00edonn t\u00fa ar a laghad <strong>$100,000 CAD<\/strong> .<\/li>\n\n\n\n<li>T\u00e1 s\u00e9 bail\u00ed ar feadh <strong>bliana ar a laghad<\/strong> \u00f3n d\u00e1ta iontr\u00e1la.<\/li>\n\n\n\n<li>\u00c1ir\u00edtear cruth\u00fanas ar \u00edoca\u00edocht ioml\u00e1n (n\u00ed luachana).<\/li>\n<\/ul>\n<\/li>\n<\/ul>\n<\/li>\n\n\n\n<li><strong>Scr\u00fad\u00fa Leighis<\/strong> :\n<ul class=\"wp-block-list\">\n<li>Scr\u00fad\u00fa leighis inimirce a chr\u00edochn\u00fa chun inghlacthacht a l\u00e9iri\u00fa.<\/li>\n<\/ul>\n<\/li>\n\n\n\n<li><strong>Riachtanais Bhreise<\/strong> :\n<ul class=\"wp-block-list\">\n<li>Cruthaigh ceangail l\u00e1idre le do th\u00edr dh\u00fachais, mar theaghlach, airgeadas n\u00f3 fosta\u00edocht, lena chinnti\u00fa go bhf\u00e1gfaidh t\u00fa Ceanada tar \u00e9is do chuairte.<\/li>\n\n\n\n<li>Taispe\u00e1in go bhfuil d\u00f3thain airgid agat le haghaidh do chuairte.<\/li>\n<\/ul>\n<\/li>\n<\/ol>\n\n<hr class=\"wp-block-separator has-alpha-channel-opacity\"\/>\n\n<h3 class=\"wp-block-heading\"><strong>C\u00e9 chomh fada is f\u00e9idir leat fanacht i gCeanada?<\/strong><\/h3>\n\n<p>Braitheann fad do chuairte ar an uair a chuir t\u00fa isteach ar an S\u00e1r-V\u00edosa:<\/p>\n\n<ul class=\"wp-block-list\">\n<li><strong>Iarratais ar n\u00f3 tar \u00e9is 22 Meitheamh, 2023<\/strong> :\n<ul class=\"wp-block-list\">\n<li>Is f\u00e9idir le sealbh\u00f3ir\u00ed S\u00e1r-V\u00edosa fanacht <strong>suas le 5 bliana in aghaidh na cuairte<\/strong> .<\/li>\n<\/ul>\n<\/li>\n\n\n\n<li><strong>Iarratais roimh an 22 Meitheamh, 2023<\/strong> :\n<ul class=\"wp-block-list\">\n<li>Is f\u00e9idir leat fanacht <strong>suas le 2 bhliain in aghaidh na cuairte<\/strong> .<\/li>\n<\/ul>\n<\/li>\n<\/ul>\n\n<p>Beag beann ar dh\u00e1ta d\u2019iarratais:<\/p>\n\n<ul class=\"wp-block-list\">\n<li>Cinntigh <strong>go bhfuil do phas bail\u00ed<\/strong> ar feadh do chuairte.<\/li>\n\n\n\n<li>Coinnigh n\u00f3 athnuachan d&#8217; <strong>\u00e1rachas sl\u00e1inte<\/strong> agus t\u00fa i gCeanada n\u00f3 nuair a th\u00e9ann t\u00fa isteach ar\u00eds.<\/li>\n<\/ul>\n\n<hr class=\"wp-block-separator has-alpha-channel-opacity\"\/>\n\n<h3 class=\"wp-block-heading\"><strong>Bunt\u00e1ist\u00ed Super Visa<\/strong><\/h3>\n\n<ol class=\"wp-block-list\">\n<li><strong>Cuairteanna Breisithe<\/strong> :\n<ul class=\"wp-block-list\">\n<li>Bain sult as tr\u00e9imhs\u00ed fadt\u00e9armacha gan iarratas a dh\u00e9anamh ar sh\u00ednt\u00ed go minic.<\/li>\n<\/ul>\n<\/li>\n\n\n\n<li><strong>Iontr\u00e1lacha Il<\/strong> :\n<ul class=\"wp-block-list\">\n<li>Taisteal go Ceanada iolrach thar thr\u00e9imhse 10 mbliana.<\/li>\n<\/ul>\n<\/li>\n\n\n\n<li><strong>Suaimhneas Intinne<\/strong> :\n<ul class=\"wp-block-list\">\n<li>Cinnt\u00edonn an ceanglas maidir le h\u00e1rachas sl\u00e1inte cl\u00fadach leighis le linn do chuairte.<\/li>\n<\/ul>\n<\/li>\n\n\n\n<li><strong>Athaont\u00fa Teaghlaigh<\/strong> :\n<ul class=\"wp-block-list\">\n<li>Cothaigh naisc n\u00edos dl\u00faithe le do leana\u00ed agus do chlann clainne.<\/li>\n<\/ul>\n<\/li>\n<\/ol>\n","protected":false},"excerpt":{"rendered":"<p>V\u00edosa Super do Thuismitheoir\u00ed agus Seantuismitheoir\u00ed Is v\u00edosa speisialta \u00e9 an Super Visa at\u00e1 deartha do thuismitheoir\u00ed agus seantuismitheoir\u00ed saor\u00e1naigh [&hellip;]<\/p>\n","protected":false},"author":1,"featured_media":0,"parent":0,"menu_order":0,"comment_status":"closed","ping_status":"closed","template":"","meta":{"_uag_custom_page_level_css":"","site-sidebar-layout":"default","site-content-layout":"","ast-site-content-layout":"","site-content-style":"default","site-sidebar-style":"default","ast-global-header-display":"","ast-banner-title-visibility":"","ast-main-header-display":"","ast-hfb-above-header-display":"","ast-hfb-below-header-display":"","ast-hfb-mobile-header-display":"","site-post-title":"","ast-breadcrumbs-content":"","ast-featured-img":"","footer-sml-layout":"","theme-transparent-header-meta":"","adv-header-id-meta":"","stick-header-meta":"","header-above-stick-meta":"","header-main-stick-meta":"","header-below-stick-meta":"","astra-migrate-meta-layouts":"default","ast-page-background-enabled":"default","ast-page-background-meta":{"desktop":{"background-color":"var(--ast-global-color-4)","background-image":"","background-repeat":"repeat","background-position":"center center","background-size":"auto","background-attachment":"scroll","background-type":"","background-media":"","overlay-type":"","overlay-color":"","overlay-opacity":"","overlay-gradient":""},"tablet":{"background-color":"","background-image":"","background-repeat":"repeat","background-position":"center center","background-size":"auto","background-attachment":"scroll","background-type":"","background-media":"","overlay-type":"","overlay-color":"","overlay-opacity":"","overlay-gradient":""},"mobile":{"background-color":"","background-image":"","background-repeat":"repeat","background-position":"center center","background-size":"auto","background-attachment":"scroll","background-type":"","background-media":"","overlay-type":"","overlay-color":"","overlay-opacity":"","overlay-gradient":""}},"ast-content-background-meta":{"desktop":{"background-color":"var(--ast-global-color-5)","background-image":"","background-repeat":"repeat","background-position":"center center","background-size":"auto","background-attachment":"scroll","background-type":"","background-media":"","overlay-type":"","overlay-color":"","overlay-opacity":"","overlay-gradient":""},"tablet":{"background-color":"var(--ast-global-color-5)","background-image":"","background-repeat":"repeat","background-position":"center center","background-size":"auto","background-attachment":"scroll","background-type":"","background-media":"","overlay-type":"","overlay-color":"","overlay-opacity":"","overlay-gradient":""},"mobile":{"background-color":"var(--ast-global-color-5)","background-image":"","background-repeat":"repeat","background-position":"center center","background-size":"auto","background-attachment":"scroll","background-type":"","background-media":"","overlay-type":"","overlay-color":"","overlay-opacity":"","overlay-gradient":""}},"footnotes":""},"categories":[],"tags":[],"class_list":["post-1271","page","type-page","status-publish","hentry"],"uagb_featured_image_src":{"full":false,"thumbnail":false,"medium":false,"medium_large":false,"large":false,"1536x1536":false,"2048x2048":false},"uagb_author_info":{"display_name":"admin","author_link":"https:\/\/www.etafast.org\/ga\/author\/admin\/"},"uagb_comment_info":0,"uagb_excerpt":"V\u00edosa Super do Thuismitheoir\u00ed agus Seantuismitheoir\u00ed Is v\u00edosa speisialta \u00e9 an Super Visa at\u00e1 deartha do thuismitheoir\u00ed agus seantuismitheoir\u00ed saor\u00e1naigh [&hellip;]","_links":{"self":[{"href":"https:\/\/www.etafast.org\/ga\/wp-json\/wp\/v2\/pages\/1271","targetHints":{"allow":["GET"]}}],"collection":[{"href":"https:\/\/www.etafast.org\/ga\/wp-json\/wp\/v2\/pages"}],"about":[{"href":"https:\/\/www.etafast.org\/ga\/wp-json\/wp\/v2\/types\/page"}],"author":[{"embeddable":true,"href":"https:\/\/www.etafast.org\/ga\/wp-json\/wp\/v2\/users\/1"}],"replies":[{"embeddable":true,"href":"https:\/\/www.etafast.org\/ga\/wp-json\/wp\/v2\/comments?post=1271"}],"version-history":[{"count":1,"href":"https:\/\/www.etafast.org\/ga\/wp-json\/wp\/v2\/pages\/1271\/revisions"}],"predecessor-version":[{"id":1272,"href":"https:\/\/www.etafast.org\/ga\/wp-json\/wp\/v2\/pages\/1271\/revisions\/1272"}],"wp:attachment":[{"href":"https:\/\/www.etafast.org\/ga\/wp-json\/wp\/v2\/media?parent=1271"}],"wp:term":[{"taxonomy":"category","embeddable":true,"href":"https:\/\/www.etafast.org\/ga\/wp-json\/wp\/v2\/categories?post=1271"},{"taxonomy":"post_tag","embeddable":true,"href":"https:\/\/www.etafast.org\/ga\/wp-json\/wp\/v2\/tags?post=1271"}],"curies":[{"name":"wp","href":"https:\/\/api.w.org\/{rel}","templated":true}]}}

Víosa Super do Thuismitheoirí agus Seantuismitheoirí

<h3 class="wp-block-heading">Víosa Super do Thuismitheoirí agus Seantuismitheoirí</h3>

<p>Is <strong>víosa speisialta é an Super Visa</strong> atá deartha do thuismitheoirí agus seantuismitheoirí saoránaigh Cheanada agus buanchónaitheoirí. Ceadaíonn sé cuairteanna sínte ar Cheanada, ag tabhairt deis uathúil chun am a chaitheamh le teaghlach agus taitneamh a bhaint as na buntáistí a bhaineann le hiontrálacha iolracha thar achar fada. </p>

<hr class="wp-block-separator has-alpha-channel-opacity"/>

<h3 class="wp-block-heading"><strong>Cad is Sár-Víosa ann?</strong></h3>

<p>Is é <strong>Super Visa</strong> :</p>

<ul class="wp-block-list">
<li><strong>Víosa fadtéarmach</strong> a ligeann do thuismitheoirí incháilithe agus do sheantuismitheoirí cuairt a thabhairt ar Cheanada ar feadh <strong>suas le 5 bliana in aghaidh na cuairte</strong> gan gá a stádas a athnuachan.</li>



<li><strong>Víosa dul isteach iolrach</strong> , atá bailí ar feadh <strong>suas le 10 mbliana</strong> , a chumasaíonn cuairteanna minice ar Cheanada le linn thréimhse bailíochta an víosa.</li>
</ul>

<p>Tá an víosa seo oiriúnach do dhaoine aonair a bhfuil sé beartaithe acu cuairt a thabhairt ar a gcuid leanaí nó garchlann ar feadh tréimhsí fada.</p>

<hr class="wp-block-separator has-alpha-channel-opacity"/>

<h3 class="wp-block-heading"><strong>Riachtanais Cháilitheachta don Sár-Víosa</strong></h3>

<p>Chun cáiliú le haghaidh Sár-Víosa, ní mór d’iarratasóirí critéir shonracha a chomhlíonadh:</p>

<ol class="wp-block-list">
<li><strong>Gaol</strong> :
<ul class="wp-block-list">
<li>Bí mar <strong>thuismitheoir nó seantuismitheoir</strong> do shaoránach Cheanada nó do bhuanchónaitheoir.</li>
</ul>
</li>



<li><strong>Litir Cuireadh</strong> :
<ul class="wp-block-list">
<li>Cuir litir chuiridh ar fáil ó do leanbh nó garleanbh i gCeanada.</li>



<li>Caithfidh na nithe seo a leanas a bheith sa litir:
<ul class="wp-block-list">
<li>Gealltanas de thacaíocht airgeadais ar feadh do chuairte.</li>



<li>Sonraí do chaidrimh.</li>



<li>Tá liosta de bhaill teaghlaigh an ósta i gCeanada&#8230;.</li>
</ul>
</li>
</ul>
</li>



<li><strong>Riachtanais Ioncaim</strong> :
<ul class="wp-block-list">
<li>Caithfidh an leanbh nó garpháiste <strong>tairseach íosta ioncaim</strong> a chomhlíonadh bunaithe ar líon na mball teaghlaigh.</li>
</ul>
</li>



<li><strong>Árachas Sláinte</strong> :
<ul class="wp-block-list">
<li>Ceannaigh <strong>árachas leighis</strong> príobháideach ó chuideachta árachais Cheanada:
<ul class="wp-block-list">
<li>Clúdaíonn tú ar a laghad <strong>$100,000 CAD</strong> .</li>



<li>Tá sé bailí ar feadh <strong>bliana ar a laghad</strong> ón dáta iontrála.</li>



<li>Áirítear cruthúnas ar íocaíocht iomlán (ní luachana).</li>
</ul>
</li>
</ul>
</li>



<li><strong>Scrúdú Leighis</strong> :
<ul class="wp-block-list">
<li>Scrúdú leighis inimirce a chríochnú chun inghlacthacht a léiriú.</li>
</ul>
</li>



<li><strong>Riachtanais Bhreise</strong> :
<ul class="wp-block-list">
<li>Cruthaigh ceangail láidre le do thír dhúchais, mar theaghlach, airgeadas nó fostaíocht, lena chinntiú go bhfágfaidh tú Ceanada tar éis do chuairte.</li>



<li>Taispeáin go bhfuil dóthain airgid agat le haghaidh do chuairte.</li>
</ul>
</li>
</ol>

<hr class="wp-block-separator has-alpha-channel-opacity"/>

<h3 class="wp-block-heading"><strong>Cé chomh fada is féidir leat fanacht i gCeanada?</strong></h3>

<p>Braitheann fad do chuairte ar an uair a chuir tú isteach ar an Sár-Víosa:</p>

<ul class="wp-block-list">
<li><strong>Iarratais ar nó tar éis 22 Meitheamh, 2023</strong> :
<ul class="wp-block-list">
<li>Is féidir le sealbhóirí Sár-Víosa fanacht <strong>suas le 5 bliana in aghaidh na cuairte</strong> .</li>
</ul>
</li>



<li><strong>Iarratais roimh an 22 Meitheamh, 2023</strong> :
<ul class="wp-block-list">
<li>Is féidir leat fanacht <strong>suas le 2 bhliain in aghaidh na cuairte</strong> .</li>
</ul>
</li>
</ul>

<p>Beag beann ar dháta d’iarratais:</p>

<ul class="wp-block-list">
<li>Cinntigh <strong>go bhfuil do phas bailí</strong> ar feadh do chuairte.</li>



<li>Coinnigh nó athnuachan d&#8217; <strong>árachas sláinte</strong> agus tú i gCeanada nó nuair a théann tú isteach arís.</li>
</ul>

<hr class="wp-block-separator has-alpha-channel-opacity"/>

<h3 class="wp-block-heading"><strong>Buntáistí Super Visa</strong></h3>

<ol class="wp-block-list">
<li><strong>Cuairteanna Breisithe</strong> :
<ul class="wp-block-list">
<li>Bain sult as tréimhsí fadtéarmacha gan iarratas a dhéanamh ar shíntí go minic.</li>
</ul>
</li>



<li><strong>Iontrálacha Il</strong> :
<ul class="wp-block-list">
<li>Taisteal go Ceanada iolrach thar thréimhse 10 mbliana.</li>
</ul>
</li>



<li><strong>Suaimhneas Intinne</strong> :
<ul class="wp-block-list">
<li>Cinntíonn an ceanglas maidir le hárachas sláinte clúdach leighis le linn do chuairte.</li>
</ul>
</li>



<li><strong>Athaontú Teaghlaigh</strong> :
<ul class="wp-block-list">
<li>Cothaigh naisc níos dlúithe le do leanaí agus do chlann clainne.</li>
</ul>
</li>
</ol>

<p>Víosa Super do Thuismitheoirí agus Seantuismitheoirí Is víosa speisialta é an Super Visa atá deartha do thuismitheoirí agus seantuismitheoirí saoránaigh [&hellip;]</p>

Víosa Super do Thuismitheoirí agus Seantuismitheoirí Is víosa speisialta é an Super Visa atá deartha do thuismitheoirí agus seantuismitheoirí saoránaigh [&hellip;]
