{"id":1051,"date":"2024-12-11T08:29:22","date_gmt":"2024-12-11T07:29:22","guid":{"rendered":"https:\/\/www.etafast.org\/cuairteoiri-gno\/"},"modified":"2024-12-11T09:08:54","modified_gmt":"2024-12-11T08:08:54","slug":"cuairteoiri-gno","status":"publish","type":"page","link":"https:\/\/www.etafast.org\/ga\/cuairteoiri-gno\/","title":{"rendered":"Cuairteoir\u00ed Gn\u00f3"},"content":{"rendered":"\n<h3 class=\"wp-block-heading\">Cuairteoir\u00ed Gn\u00f3: Ag Freastal ar Chruinnithe, Imeachta\u00ed, agus Comhdh\u00e1lacha i gCeanada<\/h3>\n\n<p>T\u00e1 r\u00f3l r\u00edth\u00e1bhachtach ag cuairteoir\u00ed gn\u00f3 maidir le tr\u00e1d\u00e1il agus comhoibri\u00fa idirn\u00e1isi\u00fanta a choth\u00fa. M\u00e1 t\u00e1 s\u00e9 beartaithe agat freastal ar chruinnithe, imeachta\u00ed n\u00f3 comhdh\u00e1lacha i gCeanada mar chuairteoir gn\u00f3, seo treoir c\u00e9im ar ch\u00e9im chun pr\u00f3iseas iontr\u00e1la r\u00e9idh a chinnti\u00fa. <\/p>\n\n<hr class=\"wp-block-separator has-alpha-channel-opacity\"\/>\n\n<h3 class=\"wp-block-heading\"><strong>C\u00e9im 1: An Cuairteoir Gn\u00f3 th\u00fa n\u00f3 An bhfuil Cead\u00fanas Oibre de Dh\u00edth ort?<\/strong><\/h3>\n\n<p>Chun c\u00e1ili\u00fa mar <strong>chuairteoir gn\u00f3<\/strong> i gCeanada, n\u00ed m\u00f3r duit:<\/p>\n\n<ul class=\"wp-block-list\">\n<li><strong>Fad<\/strong> : Plean chun fanacht <strong>n\u00edos l\u00fa n\u00e1 6 mh\u00ed<\/strong> .<\/li>\n\n\n\n<li><strong>Cusp\u00f3ir<\/strong> : Gan dul isteach i margadh saothair Cheanada.<\/li>\n\n\n\n<li><strong>Foinse Gn\u00f3<\/strong> : Cinntigh go bhfanann do phr\u00edomh\u00e1it ghn\u00f3, ioncaim agus brab\u00fais <strong>lasmuigh de Cheanada<\/strong> .<\/li>\n\n\n\n<li><strong>Doicim\u00e9id<\/strong> : B\u00edodh na doicim\u00e9id riachtanacha agat chun tac\u00fa le d&#8217;iarratas.<\/li>\n<\/ul>\n\n<p><strong>Bunriachtanais Iontr\u00e1la<\/strong> :<\/p>\n\n<ul class=\"wp-block-list\">\n<li>Doicim\u00e9ad taistil bail\u00ed (cos\u00fail le pas).<\/li>\n\n\n\n<li>Airgead leordh\u00f3thanach le haghaidh do chuairte agus do thuras fillte.<\/li>\n\n\n\n<li>Cruth\u00fanas go bhf\u00e1gfaidh t\u00fa Ceanada ag deireadh do chuairte.<\/li>\n\n\n\n<li>Uimh riosca\u00ed coiri\u00fala, sl\u00e1nd\u00e1la, n\u00f3 sl\u00e1inte do Cheanada.<\/li>\n<\/ul>\n\n<p><strong>Gn\u00edomha\u00edochta\u00ed Ceadaithe mar Chuairteoir Gn\u00f3<\/strong> :<\/p>\n\n<ul class=\"wp-block-list\">\n<li>Earra\u00ed n\u00f3 seirbh\u00eds\u00ed Ceanadacha a cheannach do ghn\u00f3 n\u00f3 do rialtas eachtrach.<\/li>\n\n\n\n<li>Orduithe a ghlacadh le haghaidh earra\u00ed n\u00f3 seirbh\u00eds\u00ed.<\/li>\n\n\n\n<li>Freastal ar chruinnithe, ar chomhdh\u00e1lacha, ar choinbhinsi\u00fain, n\u00f3 ar aonta\u00ed tr\u00e1d\u00e1la.<\/li>\n\n\n\n<li>Seirbh\u00eds iar-d\u00edola a shol\u00e1thar faoi bhar\u00e1ntas n\u00f3 comhaont\u00fa d\u00edolach\u00e1in.<\/li>\n\n\n\n<li>Oili\u00faint a bhaineann le do ghn\u00f3 a fh\u00e1il n\u00f3 a sti\u00faradh.<\/li>\n<\/ul>\n\n<p><strong>N\u00f3ta<\/strong> : M\u00e1 t\u00e1 i gceist le do chuairt fanacht n\u00edos m\u00f3 n\u00e1 6 mh\u00ed n\u00f3 gabh\u00e1il do ghn\u00edomha\u00edochta\u00ed mhargadh saothair Cheanada, b&#8217;fh\u00e9idir go mbeadh <strong>cead\u00fanas oibre<\/strong> de dh\u00edth ort.<\/p>\n\n<hr class=\"wp-block-separator has-alpha-channel-opacity\"\/>\n\n<h3 class=\"wp-block-heading\"><strong>C\u00e9im 2: An dteasta\u00edonn V\u00edosa n\u00f3 eTA uait?<\/strong><\/h3>\n\n<p>Braitheann cib\u00e9 an dteasta\u00edonn <strong>v\u00edosa<\/strong> n\u00f3 <strong>\u00fadar\u00fa taistil leictreona\u00ed (eTA)<\/strong> uait ar do n\u00e1isi\u00fantacht agus ar do ch\u00fains\u00ed taistil.<\/p>\n\n<ul class=\"wp-block-list\">\n<li>Bain \u00fas\u00e1id as <a>uirlis Rialtas Cheanada<\/a> chun d&#8217;inch\u00e1ilitheacht a chinneadh.<\/li>\n<\/ul>\n\n<hr class=\"wp-block-separator has-alpha-channel-opacity\"\/>\n\n<h3 class=\"wp-block-heading\"><strong>C\u00e9im 3: Faigh C\u00f3d Imeachta (m\u00e1 bhaineann)<\/strong><\/h3>\n\n<p>Le haghaidh imeachta\u00ed, cruinnithe, n\u00f3 comhdh\u00e1lacha at\u00e1 cl\u00e1raithe le <strong>Inimirce, D\u00eddeanaithe agus Saor\u00e1nacht Cheanada (IRCC)<\/strong> :<\/p>\n\n<ul class=\"wp-block-list\">\n<li>Cuirfidh d\u2019eagra\u00ed imeachta <strong>c\u00f3d imeachta<\/strong> agus treoracha ar f\u00e1il duit maidir le d\u2019iarratas ar v\u00edosa.<\/li>\n\n\n\n<li>M\u00e1 chuireann t\u00fa isteach c\u00f3d an imeachta ar d&#8217;fheidhmchl\u00e1r, cabhra\u00edonn s\u00e9 leat t\u00fa a aithint mar rannph\u00e1irt\u00ed.<\/li>\n<\/ul>\n\n<hr class=\"wp-block-separator has-alpha-channel-opacity\"\/>\n\n<h3 class=\"wp-block-heading\"><strong>C\u00e9im 4: Cuir isteach ar V\u00edosa n\u00f3 eTA (M\u00e1s g\u00e1)<\/strong><\/h3>\n\n<ul class=\"wp-block-list\">\n<li><strong>V\u00edosa<\/strong> : Cuir iarratas ar v\u00edosa isteach tr\u00ed <a>shu\u00edomh Gr\u00e9as\u00e1in oifigi\u00fail an IRCC<\/a> .<\/li>\n\n\n\n<li><strong>eTA<\/strong> : D\u00e9an iarratas ar l\u00edne ar eTA.<\/li>\n<\/ul>\n\n<hr class=\"wp-block-separator has-alpha-channel-opacity\"\/>\n\n<h3 class=\"wp-block-heading\"><strong>C\u00e9im 5: Ullmhaigh Doicim\u00e9id le haghaidh Do Thurais<\/strong><\/h3>\n\n<p>Agus t\u00fa ag teacht ar theorainn Cheanada, cinntigh go bhfuil na doicim\u00e9id seo a leanas agat (n\u00e1 pac\u00e1la iad seo i do mh\u00e1la taistil):<\/p>\n\n<ul class=\"wp-block-list\">\n<li>Pas n\u00f3 doicim\u00e9ad taistil bail\u00ed ar feadh fad ioml\u00e1n do chuairte.<\/li>\n\n\n\n<li>V\u00edosa bail\u00ed (m\u00e1 bhaineann).<\/li>\n\n\n\n<li>M\u00e1 theasta\u00edonn eTA uait, taisteal leis an bpas a \u00fas\u00e1ideadh i d\u2019iarratas eTA.<\/li>\n\n\n\n<li>N\u00ed m\u00f3r do bhuanch\u00f3naitheoir\u00ed dleathacha na St\u00e1t Aontaithe <strong>c\u00e1rta glas bail\u00ed<\/strong> (n\u00f3 cruth\u00fanas coibh\u00e9iseach ar st\u00e1das) agus a bpas a thabhairt leo.<\/li>\n\n\n\n<li>Litreacha taca\u00edochta \u00f3 do mh\u00e1thairchuideachta agus litir chuiridh \u00f3 ghn\u00f3 \u00f3stach Cheanada.<\/li>\n\n\n\n<li>Doicim\u00e9id bhreise amhail conartha\u00ed, comhaontuithe bar\u00e1nta, n\u00f3 doicim\u00e9id seirbh\u00edse (m\u00e1s \u00e1bhartha).<\/li>\n\n\n\n<li>Sonra\u00ed teagmh\u00e1la do \u00f3staigh gn\u00f3 i gCeanada.<\/li>\n\n\n\n<li>Cruth\u00fanas go bhfuil d\u00f3thain airgid agat chun fanacht agus filleadh.<\/li>\n<\/ul>\n\n<hr class=\"wp-block-separator has-alpha-channel-opacity\"\/>\n\n<h3 class=\"wp-block-heading\"><strong>Mionaoisigh ag Taisteal Leat<\/strong><\/h3>\n\n<p>M\u00e1 t\u00e1 t\u00fa ag taisteal le leana\u00ed faoi bhun 18 mbliana d&#8217;aois, cuir eolas ar rialach\u00e1in Cheanada do mhionaoisigh.<\/p>\n\n<ul class=\"wp-block-list\">\n<li>T\u00e9igh i gcomhairle leis na ceanglais iontr\u00e1la do mhionaoisigh lena chinnti\u00fa go gcomhl\u00edontar dl\u00edthe Cheanada a chosna\u00edonn leana\u00ed.<\/li>\n<\/ul>\n\n<hr class=\"wp-block-separator has-alpha-channel-opacity\"\/>\n\n<h3 class=\"wp-block-heading\"><strong>Pr\u00edomhn\u00f3ta\u00ed do Chuairteoir\u00ed Gn\u00f3<\/strong><\/h3>\n\n<ul class=\"wp-block-list\">\n<li>Sol\u00e1thra\u00edonn <strong>Comhaont\u00fa Ceanada-St\u00e1it Aontaithe Mheirice\u00e1-Meicsiceo (CUSMA)<\/strong> for\u00e1lacha breise do n\u00e1isi\u00fanaigh SAM agus Mheicsiceo at\u00e1 rannph\u00e1irteach i ngn\u00edomha\u00edochta\u00ed amhail taighde, marga\u00edocht agus seirbh\u00eds\u00ed ginear\u00e1lta.<\/li>\n\n\n\n<li>D\u00e9an seice\u00e1il i gc\u00f3na\u00ed le d&#8217;eagra\u00ed cruinnithe n\u00f3 imeachta le haghaidh sainriachtanais n\u00f3 treorach.<\/li>\n\n\n\n<li>T\u00e1 cuairteoir\u00ed gn\u00f3 teoranta do ghn\u00edomha\u00edochta\u00ed nach mbaineann fosta\u00edocht dh\u00edreach leo i gCeanada.<\/li>\n<\/ul>\n\n<p>Tr\u00ed na c\u00e9imeanna seo a lean\u00faint agus a chinnti\u00fa go bhfuil na doicim\u00e9id chearta agat, f\u00e9adfaidh do chuairt ghn\u00f3 go Ceanada dul ar aghaidh go h\u00e9ifeachtach agus go rath\u00fail.<\/p>\n","protected":false},"excerpt":{"rendered":"<p>Cuairteoir\u00ed Gn\u00f3: Ag Freastal ar Chruinnithe, Imeachta\u00ed, agus Comhdh\u00e1lacha i gCeanada T\u00e1 r\u00f3l r\u00edth\u00e1bhachtach ag cuairteoir\u00ed gn\u00f3 maidir le tr\u00e1d\u00e1il [&hellip;]<\/p>\n","protected":false},"author":1,"featured_media":0,"parent":0,"menu_order":0,"comment_status":"closed","ping_status":"closed","template":"","meta":{"_uag_custom_page_level_css":"","site-sidebar-layout":"default","site-content-layout":"","ast-site-content-layout":"","site-content-style":"default","site-sidebar-style":"default","ast-global-header-display":"","ast-banner-title-visibility":"","ast-main-header-display":"","ast-hfb-above-header-display":"","ast-hfb-below-header-display":"","ast-hfb-mobile-header-display":"","site-post-title":"","ast-breadcrumbs-content":"","ast-featured-img":"","footer-sml-layout":"","theme-transparent-header-meta":"","adv-header-id-meta":"","stick-header-meta":"","header-above-stick-meta":"","header-main-stick-meta":"","header-below-stick-meta":"","astra-migrate-meta-layouts":"default","ast-page-background-enabled":"default","ast-page-background-meta":{"desktop":{"background-color":"var(--ast-global-color-4)","background-image":"","background-repeat":"repeat","background-position":"center center","background-size":"auto","background-attachment":"scroll","background-type":"","background-media":"","overlay-type":"","overlay-color":"","overlay-opacity":"","overlay-gradient":""},"tablet":{"background-color":"","background-image":"","background-repeat":"repeat","background-position":"center center","background-size":"auto","background-attachment":"scroll","background-type":"","background-media":"","overlay-type":"","overlay-color":"","overlay-opacity":"","overlay-gradient":""},"mobile":{"background-color":"","background-image":"","background-repeat":"repeat","background-position":"center center","background-size":"auto","background-attachment":"scroll","background-type":"","background-media":"","overlay-type":"","overlay-color":"","overlay-opacity":"","overlay-gradient":""}},"ast-content-background-meta":{"desktop":{"background-color":"var(--ast-global-color-5)","background-image":"","background-repeat":"repeat","background-position":"center center","background-size":"auto","background-attachment":"scroll","background-type":"","background-media":"","overlay-type":"","overlay-color":"","overlay-opacity":"","overlay-gradient":""},"tablet":{"background-color":"var(--ast-global-color-5)","background-image":"","background-repeat":"repeat","background-position":"center center","background-size":"auto","background-attachment":"scroll","background-type":"","background-media":"","overlay-type":"","overlay-color":"","overlay-opacity":"","overlay-gradient":""},"mobile":{"background-color":"var(--ast-global-color-5)","background-image":"","background-repeat":"repeat","background-position":"center center","background-size":"auto","background-attachment":"scroll","background-type":"","background-media":"","overlay-type":"","overlay-color":"","overlay-opacity":"","overlay-gradient":""}},"footnotes":""},"categories":[],"tags":[],"class_list":["post-1051","page","type-page","status-publish","hentry"],"uagb_featured_image_src":{"full":false,"thumbnail":false,"medium":false,"medium_large":false,"large":false,"1536x1536":false,"2048x2048":false},"uagb_author_info":{"display_name":"admin","author_link":"https:\/\/www.etafast.org\/ga\/author\/admin\/"},"uagb_comment_info":0,"uagb_excerpt":"Cuairteoir\u00ed Gn\u00f3: Ag Freastal ar Chruinnithe, Imeachta\u00ed, agus Comhdh\u00e1lacha i gCeanada T\u00e1 r\u00f3l r\u00edth\u00e1bhachtach ag cuairteoir\u00ed gn\u00f3 maidir le tr\u00e1d\u00e1il [&hellip;]","_links":{"self":[{"href":"https:\/\/www.etafast.org\/ga\/wp-json\/wp\/v2\/pages\/1051","targetHints":{"allow":["GET"]}}],"collection":[{"href":"https:\/\/www.etafast.org\/ga\/wp-json\/wp\/v2\/pages"}],"about":[{"href":"https:\/\/www.etafast.org\/ga\/wp-json\/wp\/v2\/types\/page"}],"author":[{"embeddable":true,"href":"https:\/\/www.etafast.org\/ga\/wp-json\/wp\/v2\/users\/1"}],"replies":[{"embeddable":true,"href":"https:\/\/www.etafast.org\/ga\/wp-json\/wp\/v2\/comments?post=1051"}],"version-history":[{"count":1,"href":"https:\/\/www.etafast.org\/ga\/wp-json\/wp\/v2\/pages\/1051\/revisions"}],"predecessor-version":[{"id":1052,"href":"https:\/\/www.etafast.org\/ga\/wp-json\/wp\/v2\/pages\/1051\/revisions\/1052"}],"wp:attachment":[{"href":"https:\/\/www.etafast.org\/ga\/wp-json\/wp\/v2\/media?parent=1051"}],"wp:term":[{"taxonomy":"category","embeddable":true,"href":"https:\/\/www.etafast.org\/ga\/wp-json\/wp\/v2\/categories?post=1051"},{"taxonomy":"post_tag","embeddable":true,"href":"https:\/\/www.etafast.org\/ga\/wp-json\/wp\/v2\/tags?post=1051"}],"curies":[{"name":"wp","href":"https:\/\/api.w.org\/{rel}","templated":true}]}}

Cuairteoirí Gnó

<h3 class="wp-block-heading">Cuairteoirí Gnó: Ag Freastal ar Chruinnithe, Imeachtaí, agus Comhdhálacha i gCeanada</h3>

<p>Tá ról ríthábhachtach ag cuairteoirí gnó maidir le trádáil agus comhoibriú idirnáisiúnta a chothú. Má tá sé beartaithe agat freastal ar chruinnithe, imeachtaí nó comhdhálacha i gCeanada mar chuairteoir gnó, seo treoir céim ar chéim chun próiseas iontrála réidh a chinntiú. </p>

<hr class="wp-block-separator has-alpha-channel-opacity"/>

<h3 class="wp-block-heading"><strong>Céim 1: An Cuairteoir Gnó thú nó An bhfuil Ceadúnas Oibre de Dhíth ort?</strong></h3>

<p>Chun cáiliú mar <strong>chuairteoir gnó</strong> i gCeanada, ní mór duit:</p>

<ul class="wp-block-list">
<li><strong>Fad</strong> : Plean chun fanacht <strong>níos lú ná 6 mhí</strong> .</li>



<li><strong>Cuspóir</strong> : Gan dul isteach i margadh saothair Cheanada.</li>



<li><strong>Foinse Gnó</strong> : Cinntigh go bhfanann do phríomháit ghnó, ioncaim agus brabúis <strong>lasmuigh de Cheanada</strong> .</li>



<li><strong>Doiciméid</strong> : Bíodh na doiciméid riachtanacha agat chun tacú le d&#8217;iarratas.</li>
</ul>

<p><strong>Bunriachtanais Iontrála</strong> :</p>

<ul class="wp-block-list">
<li>Doiciméad taistil bailí (cosúil le pas).</li>



<li>Airgead leordhóthanach le haghaidh do chuairte agus do thuras fillte.</li>



<li>Cruthúnas go bhfágfaidh tú Ceanada ag deireadh do chuairte.</li>



<li>Uimh rioscaí coiriúla, slándála, nó sláinte do Cheanada.</li>
</ul>

<p><strong>Gníomhaíochtaí Ceadaithe mar Chuairteoir Gnó</strong> :</p>

<ul class="wp-block-list">
<li>Earraí nó seirbhísí Ceanadacha a cheannach do ghnó nó do rialtas eachtrach.</li>



<li>Orduithe a ghlacadh le haghaidh earraí nó seirbhísí.</li>



<li>Freastal ar chruinnithe, ar chomhdhálacha, ar choinbhinsiúin, nó ar aontaí trádála.</li>



<li>Seirbhís iar-díola a sholáthar faoi bharántas nó comhaontú díolacháin.</li>



<li>Oiliúint a bhaineann le do ghnó a fháil nó a stiúradh.</li>
</ul>

<p><strong>Nóta</strong> : Má tá i gceist le do chuairt fanacht níos mó ná 6 mhí nó gabháil do ghníomhaíochtaí mhargadh saothair Cheanada, b&#8217;fhéidir go mbeadh <strong>ceadúnas oibre</strong> de dhíth ort.</p>

<hr class="wp-block-separator has-alpha-channel-opacity"/>

<h3 class="wp-block-heading"><strong>Céim 2: An dteastaíonn Víosa nó eTA uait?</strong></h3>

<p>Braitheann cibé an dteastaíonn <strong>víosa</strong> nó <strong>údarú taistil leictreonaí (eTA)</strong> uait ar do náisiúntacht agus ar do chúinsí taistil.</p>

<ul class="wp-block-list">
<li>Bain úsáid as <a>uirlis Rialtas Cheanada</a> chun d&#8217;incháilitheacht a chinneadh.</li>
</ul>

<hr class="wp-block-separator has-alpha-channel-opacity"/>

<h3 class="wp-block-heading"><strong>Céim 3: Faigh Cód Imeachta (má bhaineann)</strong></h3>

<p>Le haghaidh imeachtaí, cruinnithe, nó comhdhálacha atá cláraithe le <strong>Inimirce, Dídeanaithe agus Saoránacht Cheanada (IRCC)</strong> :</p>

<ul class="wp-block-list">
<li>Cuirfidh d’eagraí imeachta <strong>cód imeachta</strong> agus treoracha ar fáil duit maidir le d’iarratas ar víosa.</li>



<li>Má chuireann tú isteach cód an imeachta ar d&#8217;fheidhmchlár, cabhraíonn sé leat tú a aithint mar rannpháirtí.</li>
</ul>

<hr class="wp-block-separator has-alpha-channel-opacity"/>

<h3 class="wp-block-heading"><strong>Céim 4: Cuir isteach ar Víosa nó eTA (Más gá)</strong></h3>

<ul class="wp-block-list">
<li><strong>Víosa</strong> : Cuir iarratas ar víosa isteach trí <a>shuíomh Gréasáin oifigiúil an IRCC</a> .</li>



<li><strong>eTA</strong> : Déan iarratas ar líne ar eTA.</li>
</ul>

<hr class="wp-block-separator has-alpha-channel-opacity"/>

<h3 class="wp-block-heading"><strong>Céim 5: Ullmhaigh Doiciméid le haghaidh Do Thurais</strong></h3>

<p>Agus tú ag teacht ar theorainn Cheanada, cinntigh go bhfuil na doiciméid seo a leanas agat (ná pacála iad seo i do mhála taistil):</p>

<ul class="wp-block-list">
<li>Pas nó doiciméad taistil bailí ar feadh fad iomlán do chuairte.</li>



<li>Víosa bailí (má bhaineann).</li>



<li>Má theastaíonn eTA uait, taisteal leis an bpas a úsáideadh i d’iarratas eTA.</li>



<li>Ní mór do bhuanchónaitheoirí dleathacha na Stát Aontaithe <strong>cárta glas bailí</strong> (nó cruthúnas coibhéiseach ar stádas) agus a bpas a thabhairt leo.</li>



<li>Litreacha tacaíochta ó do mháthairchuideachta agus litir chuiridh ó ghnó óstach Cheanada.</li>



<li>Doiciméid bhreise amhail conarthaí, comhaontuithe baránta, nó doiciméid seirbhíse (más ábhartha).</li>



<li>Sonraí teagmhála do óstaigh gnó i gCeanada.</li>



<li>Cruthúnas go bhfuil dóthain airgid agat chun fanacht agus filleadh.</li>
</ul>

<hr class="wp-block-separator has-alpha-channel-opacity"/>

<h3 class="wp-block-heading"><strong>Mionaoisigh ag Taisteal Leat</strong></h3>

<p>Má tá tú ag taisteal le leanaí faoi bhun 18 mbliana d&#8217;aois, cuir eolas ar rialacháin Cheanada do mhionaoisigh.</p>

<ul class="wp-block-list">
<li>Téigh i gcomhairle leis na ceanglais iontrála do mhionaoisigh lena chinntiú go gcomhlíontar dlíthe Cheanada a chosnaíonn leanaí.</li>
</ul>

<hr class="wp-block-separator has-alpha-channel-opacity"/>

<h3 class="wp-block-heading"><strong>Príomhnótaí do Chuairteoirí Gnó</strong></h3>

<ul class="wp-block-list">
<li>Soláthraíonn <strong>Comhaontú Ceanada-Stáit Aontaithe Mheiriceá-Meicsiceo (CUSMA)</strong> forálacha breise do náisiúnaigh SAM agus Mheicsiceo atá rannpháirteach i ngníomhaíochtaí amhail taighde, margaíocht agus seirbhísí ginearálta.</li>



<li>Déan seiceáil i gcónaí le d&#8217;eagraí cruinnithe nó imeachta le haghaidh sainriachtanais nó treorach.</li>



<li>Tá cuairteoirí gnó teoranta do ghníomhaíochtaí nach mbaineann fostaíocht dhíreach leo i gCeanada.</li>
</ul>

<p>Trí na céimeanna seo a leanúint agus a chinntiú go bhfuil na doiciméid chearta agat, féadfaidh do chuairt ghnó go Ceanada dul ar aghaidh go héifeachtach agus go rathúil.</p>

<p>Cuairteoirí Gnó: Ag Freastal ar Chruinnithe, Imeachtaí, agus Comhdhálacha i gCeanada Tá ról ríthábhachtach ag cuairteoirí gnó maidir le trádáil [&hellip;]</p>

Cuairteoirí Gnó: Ag Freastal ar Chruinnithe, Imeachtaí, agus Comhdhálacha i gCeanada Tá ról ríthábhachtach ag cuairteoirí gnó maidir le trádáil [&hellip;]
